{"id":1080,"date":"2023-11-22T21:35:09","date_gmt":"2023-11-22T21:35:09","guid":{"rendered":"https:\/\/todoparamascotas.co\/?post_type=product&#038;p=1080"},"modified":"2025-08-20T17:14:17","modified_gmt":"2025-08-20T17:14:17","slug":"ankofen-pomada-antiinflamatoria-analgesica","status":"publish","type":"product","link":"https:\/\/www.todoparamascotas.co\/?product=ankofen-pomada-antiinflamatoria-analgesica","title":{"rendered":"Ankofen Pomada Antiinflamatoria Analg\u00e9sica"},"content":{"rendered":"<div class=\"wpb-content-wrapper\"><p>[vc_row][vc_column][vc_column_text]<\/p>\n<h3><span style=\"font-size: 16px;\">\u00bfQu\u00e9 es <strong>Ankofen Pomada<\/strong>?<\/span><\/h3>\n<p>Ankofen Pomada es un ung\u00fcento destinado a aliviar el dolor, reducir la inflamaci\u00f3n y ayudar en el tratamiento de diversas afecciones en bovinos, equinos, ovinos, caprinos, porcinos, caninos y gatos. Uso t\u00f3pico.<\/p>\n<h3><span style=\"font-size: 16px;\">\u00bfPara qu\u00e9 sirve <strong>Ankofen Pomada<\/strong>?<\/span><\/h3>\n<p>Sus principales funciones son las siguientes:<\/p>\n<ul>\n<li><strong>Analg\u00e9sico:<\/strong> Contribuye a aliviar el dolor en animales afectados por procesos osteoarticulares, tendinosos y musculares que cursen con inflamaci\u00f3n de origen infeccioso.<\/li>\n<li><strong>Antiinflamatorio:<\/strong> Ayuda a reducir la inflamaci\u00f3n en \u00e1reas espec\u00edficas del cuerpo, especialmente en las articulaciones, tendones y m\u00fasculos.<\/li>\n<li><strong>Antiflog\u00edstico:<\/strong> Tiene propiedades antiinflamatorias y ayuda a combatir procesos inflamatorios.<\/li>\n<li><strong>Coadyuvante en el tratamiento de mastitis y edema de la ubre posparto:<\/strong> Se utiliza como parte del tratamiento para estas condiciones en animales, proporcionando apoyo para controlar la causa de estas patolog\u00edas, especialmente en el per\u00edodo despu\u00e9s del parto.<\/li>\n<\/ul>\n<h3><span style=\"font-size: 16px;\">\u00bfC\u00f3mo se usa <strong>Ankofen Pomada<\/strong>?<\/span><\/h3>\n<p>Aplicar t\u00f3picamente sobre la zona afectada, realizando un masaje suave y prolongado. Repetir el tratamiento 2 a 3 veces al d\u00eda hasta que el dolor y la inflamaci\u00f3n hayan desaparecido. En caso de aplicaci\u00f3n sobre la ubre, realizarla despu\u00e9s del orde\u00f1o. La frecuencia y duraci\u00f3n del tratamiento, dependen del criterio del m\u00e9dico veterinario.<\/p>\n<p><strong>IMPORTANTE:<\/strong><\/p>\n<p>La informaci\u00f3n y los contenidos presentados tienen un car\u00e1cter meramente informativo y educativo, y no deben utilizarse como base para el uso de los productos. Los datos y recomendaciones provienen del fabricante o importador, y no nos hacemos responsables por errores u omisiones en el contenido ni por las decisiones tomadas por el usuario basadas en esta informaci\u00f3n.[\/vc_column_text][\/vc_column][\/vc_row]<\/p>\n<\/div>","protected":false},"excerpt":{"rendered":"<p>Ung\u00fcento de uso t\u00f3pico indicado para bovinos, equinos, ovinos, caprinos, porcinos, caninos y gatos. Act\u00faa como analg\u00e9sico, antiinflamatorio y antiflog\u00edstico en procesos osteoarticulares, tendinosos y musculares con inflamaci\u00f3n infecciosa<\/p>\n","protected":false},"featured_media":1085,"comment_status":"open","ping_status":"closed","template":"","meta":[],"product_brand":[],"product_cat":[71],"product_tag":[],"class_list":{"0":"post-1080","1":"product","2":"type-product","3":"status-publish","4":"has-post-thumbnail","6":"product_cat-antiinflamatorios","8":"first","9":"outofstock","10":"shipping-taxable","11":"purchasable","12":"product-type-variable","13":"has-default-attributes"},"jetpack_sharing_enabled":true,"_links":{"self":[{"href":"https:\/\/www.todoparamascotas.co\/index.php?rest_route=\/wp\/v2\/product\/1080","targetHints":{"allow":["GET"]}}],"collection":[{"href":"https:\/\/www.todoparamascotas.co\/index.php?rest_route=\/wp\/v2\/product"}],"about":[{"href":"https:\/\/www.todoparamascotas.co\/index.php?rest_route=\/wp\/v2\/types\/product"}],"replies":[{"embeddable":true,"href":"https:\/\/www.todoparamascotas.co\/index.php?rest_route=%2Fwp%2Fv2%2Fcomments&post=1080"}],"wp:featuredmedia":[{"embeddable":true,"href":"https:\/\/www.todoparamascotas.co\/index.php?rest_route=\/wp\/v2\/media\/1085"}],"wp:attachment":[{"href":"https:\/\/www.todoparamascotas.co\/index.php?rest_route=%2Fwp%2Fv2%2Fmedia&parent=1080"}],"wp:term":[{"taxonomy":"product_brand","embeddable":true,"href":"https:\/\/www.todoparamascotas.co\/index.php?rest_route=%2Fwp%2Fv2%2Fproduct_brand&post=1080"},{"taxonomy":"product_cat","embeddable":true,"href":"https:\/\/www.todoparamascotas.co\/index.php?rest_route=%2Fwp%2Fv2%2Fproduct_cat&post=1080"},{"taxonomy":"product_tag","embeddable":true,"href":"https:\/\/www.todoparamascotas.co\/index.php?rest_route=%2Fwp%2Fv2%2Fproduct_tag&post=1080"}],"curies":[{"name":"wp","href":"https:\/\/api.w.org\/{rel}","templated":true}]}}