{"id":1090,"date":"2023-12-03T18:26:15","date_gmt":"2023-12-03T18:26:15","guid":{"rendered":"https:\/\/todoparamascotas.co\/?post_type=product&#038;p=1090"},"modified":"2025-08-20T17:12:39","modified_gmt":"2025-08-20T17:12:39","slug":"comfortis-antipulgas-naranja-para-perros-y-gatos-270-mg-de-4-6-a-9-kg","status":"publish","type":"product","link":"https:\/\/www.todoparamascotas.co\/?product=comfortis-antipulgas-naranja-para-perros-y-gatos-270-mg-de-4-6-a-9-kg","title":{"rendered":"Comfortis Antipulgas Naranja para Perros y Gatos 270 mg (De 4.6 a 9 Kg)"},"content":{"rendered":"<div class=\"wpb-content-wrapper\"><p>[vc_row][vc_column][vc_column_text]<\/p>\n<h3><span style=\"font-size: 16px;\">\u00bfQu\u00e9 es <strong>Comfortis<\/strong>?<\/span><\/h3>\n<p>Comfortis representa la soluci\u00f3n innovadora para librar a perros y gatos de las pulgas. Estas tabletas masticables, enriquecidas con spinosad, un insecticida potente de origen natural, son la respuesta clave para combatir las infestaciones de pulgas en tus mascotas.<\/p>\n<p>No solo elimina las pulgas presentes, sino que tambi\u00e9n establece una s\u00f3lida barrera preventiva que perdura hasta 4 semanas con una \u00fanica dosis. Adem\u00e1s de ser un antipulgas especialmente formulado y con un delicioso sabor, Comfortis destaca por su facilidad de administraci\u00f3n. Su irresistible sabor a carne de cerdo facilita que tus mascotas la acepten sin ning\u00fan problema.<\/p>\n<h3><span style=\"font-size: 16px;\">\u00bfPara qu\u00e9 sirve <strong>Comfortis<\/strong>?<\/span><\/h3>\n<p>Comfortis se utiliza para el tratamiento y prevenci\u00f3n de las infestaciones por pulgas en perros y gatos, espec\u00edficamente contra la especie Ctenocephalides felis. Su acci\u00f3n preventiva se logra mediante la actividad adulticida y la reducci\u00f3n en la producci\u00f3n de huevos. Este efecto perdura hasta 4 semanas despu\u00e9s de una \u00fanica administraci\u00f3n del medicamento.<\/p>\n<p>Adem\u00e1s de su eficacia antipulgas, Comfortis tambi\u00e9n puede formar parte de una estrategia terap\u00e9utica para el control de la dermatitis al\u00e9rgica por picadura de pulgas (DAPP).<\/p>\n<h3><span style=\"font-size: 16px;\">\u00bfC\u00f3mo se usa <strong>Comfortis<\/strong>?<\/span><\/h3>\n<p>Se administra por v\u00eda oral en el alimento, una vez al mes, a la dosis m\u00ednima recomendada de 30 mg\/kg en perros y 50 mg\/kg en gatos. El efecto de la tableta dura un mes.<\/p>\n<h4><span style=\"font-size: 15px;\">Posolog\u00eda:<\/span><\/h4>\n<ul>\n<li>Perros: 4.6 kg &#8211; 9 kg &#8211; 1 comprimido de 270 mg<\/li>\n<li>Gatos: 2.8 kg &#8211; 5.4 kg &#8211; 1 comprimido de 270 mg<\/li>\n<\/ul>\n<p>Consulte a su veterinario sobre el momento \u00f3ptimo para iniciar el tratamiento con este medicamento.<\/p>\n<p><strong>IMPORTANTE:<\/strong><\/p>\n<p>La informaci\u00f3n y los contenidos presentados tienen un car\u00e1cter meramente informativo y educativo, y no deben utilizarse como base para el uso de los productos. Los datos y recomendaciones provienen del fabricante o importador, y no nos hacemos responsables por errores u omisiones en el contenido ni por las decisiones tomadas por el usuario basadas en esta informaci\u00f3n.[\/vc_column_text][\/vc_column][\/vc_row]<\/p>\n<\/div>","protected":false},"excerpt":{"rendered":"<p>Comfortis es un revolucionario antipulgas dise\u00f1ado tanto para perros como para gatos, Comfortis Naranja (270 mg) tiene un enfoque espec\u00edfico en perros que pesan entre 4.6 y 9 kg y en gatos de 2.8 a 5.4 kg de peso<\/p>\n","protected":false},"featured_media":1091,"comment_status":"open","ping_status":"closed","template":"","meta":[],"product_brand":[],"product_cat":[61],"product_tag":[],"class_list":{"0":"post-1090","1":"product","2":"type-product","3":"status-publish","4":"has-post-thumbnail","6":"product_cat-antipulgas","8":"first","9":"outofstock","10":"shipping-taxable","11":"purchasable","12":"product-type-simple"},"jetpack_sharing_enabled":true,"_links":{"self":[{"href":"https:\/\/www.todoparamascotas.co\/index.php?rest_route=\/wp\/v2\/product\/1090","targetHints":{"allow":["GET"]}}],"collection":[{"href":"https:\/\/www.todoparamascotas.co\/index.php?rest_route=\/wp\/v2\/product"}],"about":[{"href":"https:\/\/www.todoparamascotas.co\/index.php?rest_route=\/wp\/v2\/types\/product"}],"replies":[{"embeddable":true,"href":"https:\/\/www.todoparamascotas.co\/index.php?rest_route=%2Fwp%2Fv2%2Fcomments&post=1090"}],"wp:featuredmedia":[{"embeddable":true,"href":"https:\/\/www.todoparamascotas.co\/index.php?rest_route=\/wp\/v2\/media\/1091"}],"wp:attachment":[{"href":"https:\/\/www.todoparamascotas.co\/index.php?rest_route=%2Fwp%2Fv2%2Fmedia&parent=1090"}],"wp:term":[{"taxonomy":"product_brand","embeddable":true,"href":"https:\/\/www.todoparamascotas.co\/index.php?rest_route=%2Fwp%2Fv2%2Fproduct_brand&post=1090"},{"taxonomy":"product_cat","embeddable":true,"href":"https:\/\/www.todoparamascotas.co\/index.php?rest_route=%2Fwp%2Fv2%2Fproduct_cat&post=1090"},{"taxonomy":"product_tag","embeddable":true,"href":"https:\/\/www.todoparamascotas.co\/index.php?rest_route=%2Fwp%2Fv2%2Fproduct_tag&post=1090"}],"curies":[{"name":"wp","href":"https:\/\/api.w.org\/{rel}","templated":true}]}}