{"id":1165,"date":"2024-04-30T21:21:11","date_gmt":"2024-04-30T21:21:11","guid":{"rendered":"https:\/\/www.todoparamascotas.co\/?post_type=product&#038;p=1165"},"modified":"2026-04-13T19:13:04","modified_gmt":"2026-04-13T19:13:04","slug":"pomada-betabest","status":"publish","type":"product","link":"https:\/\/www.todoparamascotas.co\/?product=pomada-betabest","title":{"rendered":"Pomada Betabest"},"content":{"rendered":"<div class=\"wpb-content-wrapper\"><p>[vc_row][vc_column][vc_column_text]<\/p>\n<h3><span style=\"font-size: 16px;\">\u00bfQu\u00e9 es <strong>Betabest Pomada<\/strong>?<\/span><\/h3>\n<p>Betabest Pomada es un unguento formulado con una combinaci\u00f3n de ingredientes activos, como el Salicilato de Metilo, Trementina, Guayacol, Alcanfor y Mentol. Esta pomada ofrece propiedades antiflog\u00edsticas, antiinflamatorias y analg\u00e9sicas.<\/p>\n<h3><span style=\"font-size: 16px;\">\u00bfPara qu\u00e9 sirve <strong>Betabest Pomada<\/strong>?<\/span><\/h3>\n<p>Se utiliza en todas las especies animales (bovinos, equinos, porcinos, ovinos, caprinos, perros y gatos) como pomada antiflog\u00edstica, antiinflamatoria y analg\u00e9sica en todos los procesos osteoarticulares, tendinosos y musculares que cursen con inflamaci\u00f3n de car\u00e1cter no infeccioso que se presenten por golpes, contusiones y especialmente en inflamaciones de la gl\u00e1ndula mamaria o fisiol\u00f3gicamente en procesos vacas de primer parto.<\/p>\n<h3><span style=\"font-size: 16px;\">\u00bfC\u00f3mo se usa <strong>Betabest Pomada<\/strong>?<\/span><\/h3>\n<p>Se aplica externamente sobre las zonas afectadas realizando masaje sobre las mismas para facilitar la penetraci\u00f3n del producto. Se debe aplicar diariamente y preferiblemente 3 veces al d\u00eda hasta la desaparici\u00f3n del dolor y la inflamaci\u00f3n.<\/p>\n<p><strong>IMPORTANTE:<\/strong><\/p>\n<p>La informaci\u00f3n y los contenidos presentados tienen un car\u00e1cter meramente informativo y educativo, y no deben utilizarse como base para el uso de los productos. Los datos y recomendaciones provienen del fabricante o importador, y no nos hacemos responsables por errores u omisiones en el contenido ni por las decisiones tomadas por el usuario basadas en esta informaci\u00f3n.[\/vc_column_text][\/vc_column][\/vc_row]<\/p>\n<\/div>","protected":false},"excerpt":{"rendered":"<p>Pomada Betabest ung\u00fcento con Salicilato de Metilo, Trementina, Guayacol, Alcanfor y Mentol. Alivia dolores musculares y articulares con propiedades antiinflamatorias.<\/p>\n","protected":false},"featured_media":1338,"comment_status":"open","ping_status":"closed","template":"","meta":[],"product_brand":[],"product_cat":[71],"product_tag":[],"class_list":{"0":"post-1165","1":"product","2":"type-product","3":"status-publish","4":"has-post-thumbnail","6":"product_cat-antiinflamatorios","8":"first","9":"outofstock","10":"shipping-taxable","11":"purchasable","12":"product-type-variable"},"jetpack_sharing_enabled":true,"_links":{"self":[{"href":"https:\/\/www.todoparamascotas.co\/index.php?rest_route=\/wp\/v2\/product\/1165","targetHints":{"allow":["GET"]}}],"collection":[{"href":"https:\/\/www.todoparamascotas.co\/index.php?rest_route=\/wp\/v2\/product"}],"about":[{"href":"https:\/\/www.todoparamascotas.co\/index.php?rest_route=\/wp\/v2\/types\/product"}],"replies":[{"embeddable":true,"href":"https:\/\/www.todoparamascotas.co\/index.php?rest_route=%2Fwp%2Fv2%2Fcomments&post=1165"}],"wp:featuredmedia":[{"embeddable":true,"href":"https:\/\/www.todoparamascotas.co\/index.php?rest_route=\/wp\/v2\/media\/1338"}],"wp:attachment":[{"href":"https:\/\/www.todoparamascotas.co\/index.php?rest_route=%2Fwp%2Fv2%2Fmedia&parent=1165"}],"wp:term":[{"taxonomy":"product_brand","embeddable":true,"href":"https:\/\/www.todoparamascotas.co\/index.php?rest_route=%2Fwp%2Fv2%2Fproduct_brand&post=1165"},{"taxonomy":"product_cat","embeddable":true,"href":"https:\/\/www.todoparamascotas.co\/index.php?rest_route=%2Fwp%2Fv2%2Fproduct_cat&post=1165"},{"taxonomy":"product_tag","embeddable":true,"href":"https:\/\/www.todoparamascotas.co\/index.php?rest_route=%2Fwp%2Fv2%2Fproduct_tag&post=1165"}],"curies":[{"name":"wp","href":"https:\/\/api.w.org\/{rel}","templated":true}]}}