{"id":131,"date":"2019-07-24T03:28:54","date_gmt":"2019-07-24T03:28:54","guid":{"rendered":"http:\/\/sw-themes.com\/porto_dummy\/?post_type=product&#038;p=131"},"modified":"2026-04-06T19:34:57","modified_gmt":"2026-04-06T19:34:57","slug":"bureau","status":"publish","type":"product","link":"https:\/\/www.todoparamascotas.co\/?product=bureau","title":{"rendered":"Artri-Vet Suplemento Alimenticio para Perros y Gatos x 60 Tab"},"content":{"rendered":"<div class=\"wpb-content-wrapper\"><p>[vc_row el_class=\u00bbm-b-md\u00bb][vc_column][vc_column_text]<\/p>\n<h3><span style=\"font-size: 16px;\">\u00bfQu\u00e9 es <strong>Artri Vet<\/strong>?<\/span><\/h3>\n<p>Artri-Vet es un suplemento alimenticio, cuya f\u00f3rmula contiene ingredientes coadyuvantes en el regeneramiento articular, especial para el tratamiento y prevenci\u00f3n de problemas articulares y enfermedades como osteoartritis, osteoartrosis y displasias en perros y gatos.<\/p>\n<h3><span style=\"font-size: 16px;\">\u00bfPara qu\u00e9 sirve <strong>Artri Vet<\/strong>?<\/span><\/h3>\n<p>Previene el da\u00f1o y desgaste de las articulaciones, combate enfermedades como la Osteoartritis, Osteoartrosis, displasia de cadera, inflamaci\u00f3n articular. Adem\u00e1s mejora la movilidad y reduce los dolores gracias a que contiene propiedades antiinflamatorias y analg\u00e9sicas.<\/p>\n<h3><span style=\"font-size: 16px;\">\u00bfC\u00f3mo usar <strong>Artri Vet<\/strong>?<\/span><\/h3>\n<p>Via oral. Las mascotas usualmente gustan del sabor de la tableta, en caso de rechazo pulverizar y mezclarse con la leche o con la comida. Cantidades recomendadas para Perros y Gatos:<\/p>\n<table style=\"height: 128px;\" width=\"414\">\n<tbody>\n<tr>\n<td width=\"85\"><strong>Peso<\/strong><\/td>\n<td width=\"110\"><strong>Tabletas<\/strong><\/td>\n<\/tr>\n<tr>\n<td>Hasta 5 kg<\/td>\n<td>1\/2 tableta al d\u00eda<\/td>\n<\/tr>\n<tr>\n<td>De 6 a 18 kg<\/td>\n<td>1 tableta al d\u00eda<\/td>\n<\/tr>\n<tr>\n<td>Mas de 19 kg<\/td>\n<td>2 tabletas al d\u00eda<\/td>\n<\/tr>\n<\/tbody>\n<\/table>\n<p>[\/vc_column_text][\/vc_column][\/vc_row]<\/p>\n<\/div>","protected":false},"excerpt":{"rendered":"<p>Suplemento alimenticio a base de Glucosamina, Condroitina Sulfato, Col\u00e1geno y MSM. Suplemento de uso diario para perros y gatos en su etapa adulta.<\/p>\n","protected":false},"featured_media":499,"comment_status":"open","ping_status":"closed","template":"","meta":[],"product_brand":[],"product_cat":[72],"product_tag":[],"class_list":{"0":"post-131","1":"product","2":"type-product","3":"status-publish","4":"has-post-thumbnail","6":"product_cat-suplementos","8":"first","9":"outofstock","10":"shipping-taxable","11":"purchasable","12":"product-type-simple"},"jetpack_sharing_enabled":true,"_links":{"self":[{"href":"https:\/\/www.todoparamascotas.co\/index.php?rest_route=\/wp\/v2\/product\/131","targetHints":{"allow":["GET"]}}],"collection":[{"href":"https:\/\/www.todoparamascotas.co\/index.php?rest_route=\/wp\/v2\/product"}],"about":[{"href":"https:\/\/www.todoparamascotas.co\/index.php?rest_route=\/wp\/v2\/types\/product"}],"replies":[{"embeddable":true,"href":"https:\/\/www.todoparamascotas.co\/index.php?rest_route=%2Fwp%2Fv2%2Fcomments&post=131"}],"wp:featuredmedia":[{"embeddable":true,"href":"https:\/\/www.todoparamascotas.co\/index.php?rest_route=\/wp\/v2\/media\/499"}],"wp:attachment":[{"href":"https:\/\/www.todoparamascotas.co\/index.php?rest_route=%2Fwp%2Fv2%2Fmedia&parent=131"}],"wp:term":[{"taxonomy":"product_brand","embeddable":true,"href":"https:\/\/www.todoparamascotas.co\/index.php?rest_route=%2Fwp%2Fv2%2Fproduct_brand&post=131"},{"taxonomy":"product_cat","embeddable":true,"href":"https:\/\/www.todoparamascotas.co\/index.php?rest_route=%2Fwp%2Fv2%2Fproduct_cat&post=131"},{"taxonomy":"product_tag","embeddable":true,"href":"https:\/\/www.todoparamascotas.co\/index.php?rest_route=%2Fwp%2Fv2%2Fproduct_tag&post=131"}],"curies":[{"name":"wp","href":"https:\/\/api.w.org\/{rel}","templated":true}]}}