{"id":1439,"date":"2026-01-08T02:29:39","date_gmt":"2026-01-08T02:29:39","guid":{"rendered":"https:\/\/www.todoparamascotas.co\/?post_type=product&#038;p=1439"},"modified":"2026-03-25T17:06:52","modified_gmt":"2026-03-25T17:06:52","slug":"sanubrol-unguento-en-pote-x-400-g","status":"publish","type":"product","link":"https:\/\/www.todoparamascotas.co\/?product=sanubrol-unguento-en-pote-x-400-g","title":{"rendered":"Sanubrol Ung\u00fcento en Pote x 400 g"},"content":{"rendered":"<div class=\"wpb-content-wrapper\"><p>[vc_row][vc_column][vc_column_text css=\u00bb\u00bb css_params=\u00bb\u00bb]<\/p>\n<h3>\u00bfQu\u00e9 es <strong>Sanubrol<\/strong>?<\/h3>\n<p>Sanubrol es un ung\u00fcento antiinflamatorio, antiflog\u00edstico y analg\u00e9sico. Indicado en la inflamaci\u00f3n y dolor de m\u00fasculos, tendones, huesos, articulaciones y gl\u00e1ndula mamaria, en todas las especies. El salicilato de metilo contiene propiedades estimulantes del flujo sangu\u00edneo de los capilares, y adem\u00e1s posee un olor agradable. El alcanfor es antipruriginoso (evita el prurito); presenta algunas funciones antis\u00e9pticas. La esencia de trementina posee actividad rubefaciente permitiendo mejorar el flujo sangu\u00edneo en el \u00e1rea de aplicaci\u00f3n.<\/p>\n<h3>\u00bfPara qu\u00e9 sirve <strong>Sanubrol<\/strong>?<\/h3>\n<p>Est\u00e1 indicado en bovinos y equinos como analg\u00e9sico y antiflog\u00edstico.<\/p>\n<h3>\u00bfC\u00f3mo se usa <strong>Sanubrol<\/strong>?<\/h3>\n<p>V\u00eda de administraci\u00f3n: administrar por v\u00eda t\u00f3pica.<\/p>\n<p>Aplique una cantidad generosa de Sanubrol con masaje sobre las partes afectadas. Repetir el tratamiento 2 veces al d\u00eda hasta que el dolor y la inflamaci\u00f3n hayan desaparecido completamente.<\/p>\n<p>Como coadyuvante en mastitis: lavar muy bien la ubre, secarla; aplicar Sanubrol y hacer masaje intenso durante 10 minutos, 2 o 3 veces al d\u00eda.<\/p>\n<p>En caso de grietas en la ubre: lavar con agua caliente y jab\u00f3n, secar y aplicar suavemente Sanubrol.[\/vc_column_text][\/vc_column][\/vc_row]<\/p>\n<\/div>","protected":false},"excerpt":{"rendered":"<p>Ung\u00fcento antiinflamatorio y analg\u00e9sico para todas las especies. Alivia dolor e inflamaci\u00f3n en m\u00fasculos, articulaciones y gl\u00e1ndulas. Mejora la circulaci\u00f3n y tiene un aroma agradable<\/p>\n","protected":false},"featured_media":1440,"comment_status":"open","ping_status":"closed","template":"","meta":[],"product_brand":[],"product_cat":[15],"product_tag":[],"class_list":{"0":"post-1439","1":"product","2":"type-product","3":"status-publish","4":"has-post-thumbnail","6":"product_cat-uncategorized","8":"first","9":"outofstock","10":"shipping-taxable","11":"purchasable","12":"product-type-simple"},"jetpack_sharing_enabled":true,"_links":{"self":[{"href":"https:\/\/www.todoparamascotas.co\/index.php?rest_route=\/wp\/v2\/product\/1439","targetHints":{"allow":["GET"]}}],"collection":[{"href":"https:\/\/www.todoparamascotas.co\/index.php?rest_route=\/wp\/v2\/product"}],"about":[{"href":"https:\/\/www.todoparamascotas.co\/index.php?rest_route=\/wp\/v2\/types\/product"}],"replies":[{"embeddable":true,"href":"https:\/\/www.todoparamascotas.co\/index.php?rest_route=%2Fwp%2Fv2%2Fcomments&post=1439"}],"wp:featuredmedia":[{"embeddable":true,"href":"https:\/\/www.todoparamascotas.co\/index.php?rest_route=\/wp\/v2\/media\/1440"}],"wp:attachment":[{"href":"https:\/\/www.todoparamascotas.co\/index.php?rest_route=%2Fwp%2Fv2%2Fmedia&parent=1439"}],"wp:term":[{"taxonomy":"product_brand","embeddable":true,"href":"https:\/\/www.todoparamascotas.co\/index.php?rest_route=%2Fwp%2Fv2%2Fproduct_brand&post=1439"},{"taxonomy":"product_cat","embeddable":true,"href":"https:\/\/www.todoparamascotas.co\/index.php?rest_route=%2Fwp%2Fv2%2Fproduct_cat&post=1439"},{"taxonomy":"product_tag","embeddable":true,"href":"https:\/\/www.todoparamascotas.co\/index.php?rest_route=%2Fwp%2Fv2%2Fproduct_tag&post=1439"}],"curies":[{"name":"wp","href":"https:\/\/api.w.org\/{rel}","templated":true}]}}