{"id":524,"date":"2022-03-26T20:13:55","date_gmt":"2022-03-26T20:13:55","guid":{"rendered":"https:\/\/todoparamascotas.co\/?post_type=product&#038;p=524"},"modified":"2025-08-20T19:01:15","modified_gmt":"2025-08-20T19:01:15","slug":"cat-balance-frasco-x-100-tabletas","status":"publish","type":"product","link":"https:\/\/www.todoparamascotas.co\/?product=cat-balance-frasco-x-100-tabletas","title":{"rendered":"Cat Balance Frasco x 100 Tabletas"},"content":{"rendered":"<div class=\"wpb-content-wrapper\"><p>[vc_row][vc_column][vc_column_text]<\/p>\n<h3><span style=\"font-size: 16px;\">\u00bfQu\u00e9 es <strong>Cat Balance<\/strong>?<\/span><\/h3>\n<p>Cat Balance es una f\u00f3rmula que incorpora importantes nutrientes esenciales con un completo espectro de m\u00e1s de 40 vitaminas, minerales, amino\u00e1cidos, \u00e1cidos grasos, enzimas digestivas, antioxidantes, glucosaminoglicanos y otros nutrientes en total balance; que act\u00faan de forma din\u00e9rgica para mantener en nivel f\u00edsico y el bienestar mental de los gatos de todas las edades y razas.<\/p>\n<h3><span style=\"font-size: 16px;\">\u00bfPara qu\u00e9 sirve <strong>Cat Balance<\/strong>?<\/span><\/h3>\n<p>Mantiene la movilidad y flexibilidad. Articulaciones sanas y fuertes. Adem\u00e1s conserva el manto sedoso, piel y pelo sanos.<\/p>\n<p>Como soporte de salud para la vejiga y el tracto gastrointestinal. Ayuda a mantener una correcta digesti\u00f3n. Finalmente ayuda al metabolismo de todos los tejidos corporales.<\/p>\n<h3><span style=\"font-size: 16px;\">\u00bfC\u00f3mo usar <strong>Cat Balance<\/strong>?<\/span><\/h3>\n<p>Administre diariamente junto a una dieta balanceada en la siguiente dosificaci\u00f3n:<\/p>\n<ul>\n<li>Gatitos: 2 tabletas, una en la ma\u00f1ana y una en la noche.<\/li>\n<li>Gatos Adultos: 4 tabletas, dos en la ma\u00f1ana y dos en la noche.<\/li>\n<\/ul>\n<p>[\/vc_column_text][\/vc_column][\/vc_row]<\/p>\n<\/div>","protected":false},"excerpt":{"rendered":"<p>Cat Balance m\u00e1s de 40 vitaminas, minerales, amino\u00e1cidos, \u00e1cidos grasos, enzimas digestivas, antioxidantes y otros nutrientes<\/p>\n","protected":false},"featured_media":525,"comment_status":"open","ping_status":"closed","template":"","meta":[],"product_brand":[],"product_cat":[72],"product_tag":[],"class_list":{"0":"post-524","1":"product","2":"type-product","3":"status-publish","4":"has-post-thumbnail","6":"product_cat-suplementos","8":"first","9":"instock","10":"shipping-taxable","11":"purchasable","12":"product-type-simple"},"jetpack_sharing_enabled":true,"_links":{"self":[{"href":"https:\/\/www.todoparamascotas.co\/index.php?rest_route=\/wp\/v2\/product\/524","targetHints":{"allow":["GET"]}}],"collection":[{"href":"https:\/\/www.todoparamascotas.co\/index.php?rest_route=\/wp\/v2\/product"}],"about":[{"href":"https:\/\/www.todoparamascotas.co\/index.php?rest_route=\/wp\/v2\/types\/product"}],"replies":[{"embeddable":true,"href":"https:\/\/www.todoparamascotas.co\/index.php?rest_route=%2Fwp%2Fv2%2Fcomments&post=524"}],"wp:featuredmedia":[{"embeddable":true,"href":"https:\/\/www.todoparamascotas.co\/index.php?rest_route=\/wp\/v2\/media\/525"}],"wp:attachment":[{"href":"https:\/\/www.todoparamascotas.co\/index.php?rest_route=%2Fwp%2Fv2%2Fmedia&parent=524"}],"wp:term":[{"taxonomy":"product_brand","embeddable":true,"href":"https:\/\/www.todoparamascotas.co\/index.php?rest_route=%2Fwp%2Fv2%2Fproduct_brand&post=524"},{"taxonomy":"product_cat","embeddable":true,"href":"https:\/\/www.todoparamascotas.co\/index.php?rest_route=%2Fwp%2Fv2%2Fproduct_cat&post=524"},{"taxonomy":"product_tag","embeddable":true,"href":"https:\/\/www.todoparamascotas.co\/index.php?rest_route=%2Fwp%2Fv2%2Fproduct_tag&post=524"}],"curies":[{"name":"wp","href":"https:\/\/api.w.org\/{rel}","templated":true}]}}