{"id":526,"date":"2022-03-26T20:43:09","date_gmt":"2022-03-26T20:43:09","guid":{"rendered":"https:\/\/todoparamascotas.co\/?post_type=product&#038;p=526"},"modified":"2025-08-20T19:00:03","modified_gmt":"2025-08-20T19:00:03","slug":"ceruline-x-120-ml","status":"publish","type":"product","link":"https:\/\/www.todoparamascotas.co\/?product=ceruline-x-120-ml","title":{"rendered":"Ceruline x 120 ml"},"content":{"rendered":"<div class=\"wpb-content-wrapper\"><p>[vc_row][vc_column][vc_column_text]<\/p>\n<h3><span style=\"font-size: 16px;\">\u00bfQu\u00e9 es <strong>Ceruline<\/strong>?<\/span><\/h3>\n<p>Es una soluci\u00f3n cuyos principios activos est\u00e1n debidamente protegidos en una base de agentes emulgentes que aten\u00faan la acci\u00f3n irritante de los \u00e1cidos, evitando que el producto final irrite los tejidos del canal del o\u00eddo. Se presenta en un frasco de pl\u00e1stico blanco, con una tapa dosificadora que facilita la aplicaci\u00f3n con el sistema Open Twist Close, en donde el pico superior gira de izquierda a derecha y permite la salida del l\u00edquido en forma gradual.<\/p>\n<h3><span style=\"font-size: 16px;\">\u00bfPara qu\u00e9 sirve <strong>Ceruline<\/strong>?<\/span><\/h3>\n<p>Ceruline est\u00e1 indicado en Perros y Gatos para la limpieza y mantenimiento del buen estado del canal auditivo. Como adyuvante para remover material celular y cerumen. La uni\u00f3n del acido b\u00f3rico, acido ac\u00e9tico y acido salic\u00edlico en una soluci\u00f3n estabilizante y no irritante permite efectuar la higiene sin maltratar el animal.<\/p>\n<h3><span style=\"font-size: 16px;\">\u00bfC\u00f3mo usar <strong>Ceruline<\/strong>?<\/span><\/h3>\n<p>Llenar el canal del o\u00eddo con Ceruline y efectuar un suave masaje. Los desechos y el exceso de soluci\u00f3n pueden ser retirados del interior del o\u00eddo por medio de una torunda de algod\u00f3n o gasa.<\/p>\n<p>Aplicar una o dos veces por semana.[\/vc_column_text][\/vc_column][\/vc_row]<\/p>\n<\/div>","protected":false},"excerpt":{"rendered":"<p>Ceruline, indicado para efectuar la limpieza y mantenimiento del buen estado del canal auditivo en perros y gatos. F\u00f3rmula antibacterial y antif\u00fangica<\/p>\n","protected":false},"featured_media":527,"comment_status":"open","ping_status":"closed","template":"","meta":[],"product_brand":[],"product_cat":[82],"product_tag":[],"class_list":{"0":"post-526","1":"product","2":"type-product","3":"status-publish","4":"has-post-thumbnail","6":"product_cat-medicamentos","8":"first","9":"instock","10":"shipping-taxable","11":"purchasable","12":"product-type-simple"},"jetpack_sharing_enabled":true,"_links":{"self":[{"href":"https:\/\/www.todoparamascotas.co\/index.php?rest_route=\/wp\/v2\/product\/526","targetHints":{"allow":["GET"]}}],"collection":[{"href":"https:\/\/www.todoparamascotas.co\/index.php?rest_route=\/wp\/v2\/product"}],"about":[{"href":"https:\/\/www.todoparamascotas.co\/index.php?rest_route=\/wp\/v2\/types\/product"}],"replies":[{"embeddable":true,"href":"https:\/\/www.todoparamascotas.co\/index.php?rest_route=%2Fwp%2Fv2%2Fcomments&post=526"}],"wp:featuredmedia":[{"embeddable":true,"href":"https:\/\/www.todoparamascotas.co\/index.php?rest_route=\/wp\/v2\/media\/527"}],"wp:attachment":[{"href":"https:\/\/www.todoparamascotas.co\/index.php?rest_route=%2Fwp%2Fv2%2Fmedia&parent=526"}],"wp:term":[{"taxonomy":"product_brand","embeddable":true,"href":"https:\/\/www.todoparamascotas.co\/index.php?rest_route=%2Fwp%2Fv2%2Fproduct_brand&post=526"},{"taxonomy":"product_cat","embeddable":true,"href":"https:\/\/www.todoparamascotas.co\/index.php?rest_route=%2Fwp%2Fv2%2Fproduct_cat&post=526"},{"taxonomy":"product_tag","embeddable":true,"href":"https:\/\/www.todoparamascotas.co\/index.php?rest_route=%2Fwp%2Fv2%2Fproduct_tag&post=526"}],"curies":[{"name":"wp","href":"https:\/\/api.w.org\/{rel}","templated":true}]}}