{"id":613,"date":"2022-04-08T23:13:42","date_gmt":"2022-04-08T23:13:42","guid":{"rendered":"https:\/\/todoparamascotas.co\/?post_type=product&#038;p=613"},"modified":"2025-08-20T18:35:28","modified_gmt":"2025-08-20T18:35:28","slug":"mirrapel-cachorros-suplemento-nutricional-oleoso-120-ml","status":"publish","type":"product","link":"https:\/\/www.todoparamascotas.co\/?product=mirrapel-cachorros-suplemento-nutricional-oleoso-120-ml","title":{"rendered":"Mirrapel Cachorros Suplemento Nutricional Oleoso"},"content":{"rendered":"<div class=\"wpb-content-wrapper\"><p>[vc_row][vc_column][vc_column_text]<\/p>\n<h3><span style=\"font-size: 16px;\">\u00bfQu\u00e9 es <strong>Mirrapel Cachorros<\/strong>?<\/span><\/h3>\n<p>Mirrapel Cachorros es un suplemento nutricional a base de \u00e1cidos grasos con Omegas 3, 6 y 9, vitaminas, minerales, colina e inositol. Indicado para cachorros a partir del destete.<\/p>\n<h3><span style=\"font-size: 16px;\">\u00bfPara qu\u00e9 sirve <strong>Mirrapel Cachorros<\/strong>?<\/span><\/h3>\n<p>F\u00f3rmula nutritiva Premium para construir la salud diaria de sus cachorros. Suplemento Mirrapel colabora en el tratamiento de diversas dermatitis. De igual forma reduce el mal olor a sebo rancio de la piel.<\/p>\n<p>Piel sana y pelo brillante. Controla la ca\u00edda del pelo de nuestra mascota y es de f\u00e1cil uso y de uso diario.<\/p>\n<h3><span style=\"font-size: 16px;\">\u00bfC\u00f3mo se usa <strong>Mirrapel Cachorros<\/strong>?<\/span><\/h3>\n<p>Administre Mirrapel Cachorros diariamente mezclado con el alimento seco o h\u00famedo o directamente por v\u00eda oral, en la cantidad siguiente: 0,25 mL por cada 1 kg de peso vivo. Mirrapel viene acompa\u00f1ado de un cuchara dosificadora para que puedas medir la dosis exacta para tu cachorro.<\/p>\n<p><strong>Para razas miniaturas, peque\u00f1as y medianas<\/strong>: desde los 2 meses hasta los 12 meses de edad.<\/p>\n<p><strong>Para razas grandes y gigantes<\/strong>: desde los 2 meses hasta los 24 meses de edad.[\/vc_column_text][\/vc_column][\/vc_row]<\/p>\n<\/div>","protected":false},"excerpt":{"rendered":"<p>Suplemento nutricional a base de \u00e1cidos grasos esenciales Omegas 3, 6 y 9, vitaminas, minerales, colina e inositol. Indicado para perros cachorros a partir del destete. Piel sana y pelo brillante<\/p>\n","protected":false},"featured_media":615,"comment_status":"open","ping_status":"closed","template":"","meta":[],"product_brand":[],"product_cat":[72],"product_tag":[],"class_list":{"0":"post-613","1":"product","2":"type-product","3":"status-publish","4":"has-post-thumbnail","6":"product_cat-suplementos","8":"first","9":"instock","10":"shipping-taxable","11":"purchasable","12":"product-type-simple"},"jetpack_sharing_enabled":true,"_links":{"self":[{"href":"https:\/\/www.todoparamascotas.co\/index.php?rest_route=\/wp\/v2\/product\/613","targetHints":{"allow":["GET"]}}],"collection":[{"href":"https:\/\/www.todoparamascotas.co\/index.php?rest_route=\/wp\/v2\/product"}],"about":[{"href":"https:\/\/www.todoparamascotas.co\/index.php?rest_route=\/wp\/v2\/types\/product"}],"replies":[{"embeddable":true,"href":"https:\/\/www.todoparamascotas.co\/index.php?rest_route=%2Fwp%2Fv2%2Fcomments&post=613"}],"wp:featuredmedia":[{"embeddable":true,"href":"https:\/\/www.todoparamascotas.co\/index.php?rest_route=\/wp\/v2\/media\/615"}],"wp:attachment":[{"href":"https:\/\/www.todoparamascotas.co\/index.php?rest_route=%2Fwp%2Fv2%2Fmedia&parent=613"}],"wp:term":[{"taxonomy":"product_brand","embeddable":true,"href":"https:\/\/www.todoparamascotas.co\/index.php?rest_route=%2Fwp%2Fv2%2Fproduct_brand&post=613"},{"taxonomy":"product_cat","embeddable":true,"href":"https:\/\/www.todoparamascotas.co\/index.php?rest_route=%2Fwp%2Fv2%2Fproduct_cat&post=613"},{"taxonomy":"product_tag","embeddable":true,"href":"https:\/\/www.todoparamascotas.co\/index.php?rest_route=%2Fwp%2Fv2%2Fproduct_tag&post=613"}],"curies":[{"name":"wp","href":"https:\/\/api.w.org\/{rel}","templated":true}]}}