{"id":630,"date":"2022-04-19T23:02:58","date_gmt":"2022-04-19T23:02:58","guid":{"rendered":"https:\/\/todoparamascotas.co\/?post_type=product&#038;p=630"},"modified":"2025-08-20T18:31:31","modified_gmt":"2025-08-20T18:31:31","slug":"ol-trans-suplemento-vitaminico-energizante-de-80-gr","status":"publish","type":"product","link":"https:\/\/www.todoparamascotas.co\/?product=ol-trans-suplemento-vitaminico-energizante-de-80-gr","title":{"rendered":"Ol Trans Suplemento Vitam\u00ednico Energizante de 80 gr"},"content":{"rendered":"<div class=\"wpb-content-wrapper\"><p>[vc_row][vc_column][vc_column_text]<\/p>\n<h3><span style=\"font-size: 16px;\">\u00bfQu\u00e9 es <strong>Ol Trans<\/strong>?<\/span><\/h3>\n<p>Ol Trans es un suplemento vitam\u00ednico mineral energizante en polvo palatable. Condroprotector.<\/p>\n<h3><span style=\"font-size: 16px;\">\u00bfPara qu\u00e9 sirve <strong>Ol Trans<\/strong>?<\/span><\/h3>\n<p>Prevenci\u00f3n y\/o como tratamiento de patolog\u00edas osteoarticulares (osteoporosis osteodistrofa, diplasia de cadera, \u201cpie plano\u201d, poliartritis senil, como coadyuvante en la reparaci\u00f3n de fracturas, etc), procesos articulares (Enfermedad articular degenerativa), Hepatopat\u00edas, Dermatitis secundaria a insuficiencia hep\u00e1tica, Estados carenciales y anemias, Reconstituyente.<\/p>\n<h3><span style=\"font-size: 16px;\">\u00bfC\u00f3mo usar <strong>Ol Trans<\/strong>?<\/span><\/h3>\n<p>En el interior del envase se incluye una cuchara medidora para facilitar la dosificaci\u00f3n. Por ello, asegure una buena mezcla de la dosis medida conla raci\u00f3n diaria.<\/p>\n<ul>\n<li><strong>Perros y Gatos<\/strong>: Hasta 5 kg de peso: 1\/2 cuchara por d\u00eda. M\u00e1s de 5 kg de peso: 1 cuchara por d\u00eda.<\/li>\n<\/ul>\n<p>Asimismo el tratamiento Ol Trans se prolongar\u00e1 dependiendo de la evoluci\u00f3n del cuadro cl\u00ednico y el criterio del m\u00e9dico veterinario actuante.[\/vc_column_text][\/vc_column][\/vc_row]<\/p>\n<\/div>","protected":false},"excerpt":{"rendered":"<p>Ol Trans Suplemento vitam\u00ednico mineral energizante en polvo palatable para perros y gatos. Prevenci\u00f3n y\/o tratamiento de patolog\u00edas osteoarticulares<\/p>\n","protected":false},"featured_media":631,"comment_status":"open","ping_status":"closed","template":"","meta":[],"product_brand":[],"product_cat":[72],"product_tag":[],"class_list":{"0":"post-630","1":"product","2":"type-product","3":"status-publish","4":"has-post-thumbnail","6":"product_cat-suplementos","8":"first","9":"instock","10":"shipping-taxable","11":"purchasable","12":"product-type-simple"},"jetpack_sharing_enabled":true,"_links":{"self":[{"href":"https:\/\/www.todoparamascotas.co\/index.php?rest_route=\/wp\/v2\/product\/630","targetHints":{"allow":["GET"]}}],"collection":[{"href":"https:\/\/www.todoparamascotas.co\/index.php?rest_route=\/wp\/v2\/product"}],"about":[{"href":"https:\/\/www.todoparamascotas.co\/index.php?rest_route=\/wp\/v2\/types\/product"}],"replies":[{"embeddable":true,"href":"https:\/\/www.todoparamascotas.co\/index.php?rest_route=%2Fwp%2Fv2%2Fcomments&post=630"}],"wp:featuredmedia":[{"embeddable":true,"href":"https:\/\/www.todoparamascotas.co\/index.php?rest_route=\/wp\/v2\/media\/631"}],"wp:attachment":[{"href":"https:\/\/www.todoparamascotas.co\/index.php?rest_route=%2Fwp%2Fv2%2Fmedia&parent=630"}],"wp:term":[{"taxonomy":"product_brand","embeddable":true,"href":"https:\/\/www.todoparamascotas.co\/index.php?rest_route=%2Fwp%2Fv2%2Fproduct_brand&post=630"},{"taxonomy":"product_cat","embeddable":true,"href":"https:\/\/www.todoparamascotas.co\/index.php?rest_route=%2Fwp%2Fv2%2Fproduct_cat&post=630"},{"taxonomy":"product_tag","embeddable":true,"href":"https:\/\/www.todoparamascotas.co\/index.php?rest_route=%2Fwp%2Fv2%2Fproduct_tag&post=630"}],"curies":[{"name":"wp","href":"https:\/\/api.w.org\/{rel}","templated":true}]}}