{"id":643,"date":"2022-04-23T22:28:04","date_gmt":"2022-04-23T22:28:04","guid":{"rendered":"https:\/\/todoparamascotas.co\/?post_type=product&#038;p=643"},"modified":"2026-03-25T17:13:19","modified_gmt":"2026-03-25T17:13:19","slug":"cuajo-liquido-para-quesos-bixa","status":"publish","type":"product","link":"https:\/\/www.todoparamascotas.co\/?product=cuajo-liquido-para-quesos-bixa","title":{"rendered":"Cuajo Liquido para Quesos Bixa"},"content":{"rendered":"<div class=\"wpb-content-wrapper\"><p>[vc_row][vc_column][vc_column_text]<\/p>\n<h3><span style=\"font-size: 16px;\">\u00bfQu\u00e9 es <strong>cuajo Bixa<\/strong>?<\/span><\/h3>\n<p>Bixa es un cuajo l\u00edquido microbiano 2100 para la elaboraci\u00f3n de quesos, cuajo de m\u00e1ximo rendimiento.<\/p>\n<h3><span style=\"font-size: 16px;\">\u00bfC\u00f3mo se usa <strong>cuajo Bixa<\/strong>?<\/span><\/h3>\n<p>Diluya 60-90 ml del cuajo l\u00edquido Bixa en 300 ml de agua potable libre de cloro.<\/p>\n<p>Seguidamente, vierta esta soluci\u00f3n en 1000 litros de leche fresca a 32-35\u00b0 C y agite hasta distribuir uniformemente el cuajo en la leche.<\/p>\n<p>Deje reposar por aproximadamente 30 \u2013 45 minutos hasta que cuaje la leche.<\/p>\n<p>En consecuencia el tiempo de coagulaci\u00f3n va a depender de la acides, temperatura y calidad de la leche.[\/vc_column_text][\/vc_column][\/vc_row]<\/p>\n<\/div>","protected":false},"excerpt":{"rendered":"<p>Cuajo de origen microbiano de alto rendimiento para la elaboraci\u00f3n de quesos<\/p>\n","protected":false},"featured_media":1396,"comment_status":"open","ping_status":"closed","template":"","meta":[],"product_brand":[],"product_cat":[89],"product_tag":[],"class_list":{"0":"post-643","1":"product","2":"type-product","3":"status-publish","4":"has-post-thumbnail","6":"product_cat-otros-hogar","8":"first","9":"outofstock","10":"shipping-taxable","11":"purchasable","12":"product-type-simple"},"jetpack_sharing_enabled":true,"_links":{"self":[{"href":"https:\/\/www.todoparamascotas.co\/index.php?rest_route=\/wp\/v2\/product\/643","targetHints":{"allow":["GET"]}}],"collection":[{"href":"https:\/\/www.todoparamascotas.co\/index.php?rest_route=\/wp\/v2\/product"}],"about":[{"href":"https:\/\/www.todoparamascotas.co\/index.php?rest_route=\/wp\/v2\/types\/product"}],"replies":[{"embeddable":true,"href":"https:\/\/www.todoparamascotas.co\/index.php?rest_route=%2Fwp%2Fv2%2Fcomments&post=643"}],"wp:featuredmedia":[{"embeddable":true,"href":"https:\/\/www.todoparamascotas.co\/index.php?rest_route=\/wp\/v2\/media\/1396"}],"wp:attachment":[{"href":"https:\/\/www.todoparamascotas.co\/index.php?rest_route=%2Fwp%2Fv2%2Fmedia&parent=643"}],"wp:term":[{"taxonomy":"product_brand","embeddable":true,"href":"https:\/\/www.todoparamascotas.co\/index.php?rest_route=%2Fwp%2Fv2%2Fproduct_brand&post=643"},{"taxonomy":"product_cat","embeddable":true,"href":"https:\/\/www.todoparamascotas.co\/index.php?rest_route=%2Fwp%2Fv2%2Fproduct_cat&post=643"},{"taxonomy":"product_tag","embeddable":true,"href":"https:\/\/www.todoparamascotas.co\/index.php?rest_route=%2Fwp%2Fv2%2Fproduct_tag&post=643"}],"curies":[{"name":"wp","href":"https:\/\/api.w.org\/{rel}","templated":true}]}}