{"id":650,"date":"2022-04-26T22:59:39","date_gmt":"2022-04-26T22:59:39","guid":{"rendered":"https:\/\/todoparamascotas.co\/?post_type=product&#038;p=650"},"modified":"2026-02-05T22:06:38","modified_gmt":"2026-02-05T22:06:38","slug":"posatex-gotas-oticas-8-8-ml","status":"publish","type":"product","link":"https:\/\/www.todoparamascotas.co\/?product=posatex-gotas-oticas-8-8-ml","title":{"rendered":"Posatex Gotas Oticas 8.8 ml"},"content":{"rendered":"<div class=\"wpb-content-wrapper\"><p>[vc_row][vc_column][vc_column_text]<\/p>\n<h3><span style=\"font-size: 16px;\">\u00bfQu\u00e9 es <strong>Posatex<\/strong>?<\/span><\/h3>\n<p>Posatex gotas \u00f3ticas es un tratamiento para la otitits externa aguda y exacerbaciones agudas de la otitis externa recurrente. Suspensi\u00f3n viscosa blanca a blanquecina.<\/p>\n<h3><span style=\"font-size: 16px;\">\u00bfPara qu\u00e9 sirve <strong>Posatex<\/strong>?<\/span><\/h3>\n<p>Posatex suspensi\u00f3n \u00f3tica est\u00e1 indicado como tratamiento de la otitis aguda externa y de otitis aguda recurrente externa, asociada con bacterias susceptibles a la Orbifloxacina (Staphylococcus spp, Streptococcus spp, Pseudomonas spp, Escherichia coli, Enterococcus spp, Proteus mirabilis) y hongos susceptibles a Posaconazol, en particular Malassezia pachydermatis.<\/p>\n<h3><span style=\"font-size: 16px;\">\u00bfC\u00f3mo se usa <strong>Posatex<\/strong>?<\/span><\/h3>\n<p>El canal auditivo externo debe limpiarse y secarse meticulosamente antes de aplicar el tratamiento. El exceso de pelo alrededor del \u00e1rea de tratamiento debe cortarse.<\/p>\n<p>Seguidamente, agitar bien antes de usar. Finalmente, instilar el producto en el canal del o\u00eddo del perro.<\/p>\n<p>Perros que pesen menos de 2 kg, aplicar 2 gotas al o\u00eddo una vez al d\u00eda.<\/p>\n<p>Entre 2,1 a 14,9 kg, aplicar 4 gotas al o\u00eddo una vez al d\u00eda.<\/p>\n<p>De igual forma perro que pesen 15 kg o m\u00e1s, aplicar 8 gotas al o\u00eddo una vez al d\u00eda.<\/p>\n<p>[\/vc_column_text][\/vc_column][\/vc_row]<\/p>\n<\/div>","protected":false},"excerpt":{"rendered":"<p>Suspensi\u00f3n para el tratamiento de la otitis externa en perros<\/p>\n","protected":false},"featured_media":651,"comment_status":"open","ping_status":"closed","template":"","meta":[],"product_brand":[],"product_cat":[82],"product_tag":[],"class_list":{"0":"post-650","1":"product","2":"type-product","3":"status-publish","4":"has-post-thumbnail","6":"product_cat-medicamentos","8":"first","9":"outofstock","10":"shipping-taxable","11":"purchasable","12":"product-type-simple"},"jetpack_sharing_enabled":true,"_links":{"self":[{"href":"https:\/\/www.todoparamascotas.co\/index.php?rest_route=\/wp\/v2\/product\/650","targetHints":{"allow":["GET"]}}],"collection":[{"href":"https:\/\/www.todoparamascotas.co\/index.php?rest_route=\/wp\/v2\/product"}],"about":[{"href":"https:\/\/www.todoparamascotas.co\/index.php?rest_route=\/wp\/v2\/types\/product"}],"replies":[{"embeddable":true,"href":"https:\/\/www.todoparamascotas.co\/index.php?rest_route=%2Fwp%2Fv2%2Fcomments&post=650"}],"wp:featuredmedia":[{"embeddable":true,"href":"https:\/\/www.todoparamascotas.co\/index.php?rest_route=\/wp\/v2\/media\/651"}],"wp:attachment":[{"href":"https:\/\/www.todoparamascotas.co\/index.php?rest_route=%2Fwp%2Fv2%2Fmedia&parent=650"}],"wp:term":[{"taxonomy":"product_brand","embeddable":true,"href":"https:\/\/www.todoparamascotas.co\/index.php?rest_route=%2Fwp%2Fv2%2Fproduct_brand&post=650"},{"taxonomy":"product_cat","embeddable":true,"href":"https:\/\/www.todoparamascotas.co\/index.php?rest_route=%2Fwp%2Fv2%2Fproduct_cat&post=650"},{"taxonomy":"product_tag","embeddable":true,"href":"https:\/\/www.todoparamascotas.co\/index.php?rest_route=%2Fwp%2Fv2%2Fproduct_tag&post=650"}],"curies":[{"name":"wp","href":"https:\/\/api.w.org\/{rel}","templated":true}]}}