{"id":667,"date":"2022-05-10T21:50:17","date_gmt":"2022-05-10T21:50:17","guid":{"rendered":"https:\/\/todoparamascotas.co\/?post_type=product&#038;p=667"},"modified":"2025-08-20T18:17:19","modified_gmt":"2025-08-20T18:17:19","slug":"frontline-antiparasitario-perros-de-20-kg-a-40-kg","status":"publish","type":"product","link":"https:\/\/www.todoparamascotas.co\/?product=frontline-antiparasitario-perros-de-20-kg-a-40-kg","title":{"rendered":"Frontline Antiparasitario Perros de 20 kg a 40 kg"},"content":{"rendered":"<div class=\"wpb-content-wrapper\"><p>[vc_row][vc_column][vc_column_text]<\/p>\n<h3><span style=\"font-size: 16px;\">\u00bfQu\u00e9 es <strong>Frontline Spot on<\/strong>?<\/span><\/h3>\n<p>Frontline Spot on es un aniparasitario externo para perros y gatos en el control y prevenci\u00f3n de infestaciones por pulgas, garrapatas y piojos. Tratamiento antiparasitario cl\u00e1sico, eficaz y de confianza. Antiparasitario externo que se presenta en forma de soluci\u00f3n spot-on f\u00e1cil de utilizar, que contiene como principio activo el fipronil y que ofrece a su perro una protecci\u00f3n eficaz frente a las pulgas y las garrapatas.<\/p>\n<h3><span style=\"font-size: 16px;\">\u00bfPara qu\u00e9 sirve <strong>Frontline Spot on<\/strong>?<\/span><\/h3>\n<p>Para el control y prevenci\u00f3n de infestaciones por pulgas, garrapatas y piojos en perros.<\/p>\n<p>Elimina la pulga adulta antes de que oviposite y controla la reinfestaci\u00f3n. Su actividad persistente controla la reinfestaci\u00f3n al eliminar pulgas y piojos durante hasta 2 meses y garrapatas durante 1 mes. Para mayor eficacia del producto, se recomienda aplicar simult\u00e1neamente a todas las mascotas de la casa.<\/p>\n<p>En los casos de Dermatitis Al\u00e9rgica por Pulgas se recomienda la aplicaci\u00f3n mensual.<\/p>\n<h3><span style=\"font-size: 16px;\">\u00bfC\u00f3mo utilizar <strong>Frontline Spot On de 2,68 ml<\/strong>?<\/span><\/h3>\n<ol>\n<li>Extra\u00e9 la pipeta de su empaque cortando el blister con unas tijeras y quebr\u00e1 la punta por la l\u00ednea marcada manteni\u00e9ndola en posici\u00f3n vertical.<\/li>\n<li>Aplicala sobre tu mascota, separ\u00e1 el pelaje por la l\u00ednea dorsal del perro hasta hacer visible su piel. Coloc\u00e1 la punta de la pipeta en la piel.<\/li>\n<li>Repite a los 30 d\u00edas. No olvides prevenir y coloc\u00e1 Frontline todos los meses aunque no veas pulgas o garrapatas sobre tu mascota.<\/li>\n<\/ol>\n<p>[\/vc_column_text][\/vc_column][\/vc_row]<\/p>\n<\/div>","protected":false},"excerpt":{"rendered":"<p>Frontline de 20 kg a 40 kg. Antiparasitario externo que se presenta en forma de soluci\u00f3n spot-on f\u00e1cil de utilizar, que contiene como principio activo el fipronil y que ofrece a su perro una protecci\u00f3n eficaz frente a las pulgas y las garrapatas.<\/p>\n","protected":false},"featured_media":668,"comment_status":"open","ping_status":"closed","template":"","meta":[],"product_brand":[],"product_cat":[73],"product_tag":[],"class_list":{"0":"post-667","1":"product","2":"type-product","3":"status-publish","4":"has-post-thumbnail","6":"product_cat-antiparasitarios","8":"first","9":"outofstock","10":"shipping-taxable","11":"purchasable","12":"product-type-simple"},"jetpack_sharing_enabled":true,"_links":{"self":[{"href":"https:\/\/www.todoparamascotas.co\/index.php?rest_route=\/wp\/v2\/product\/667","targetHints":{"allow":["GET"]}}],"collection":[{"href":"https:\/\/www.todoparamascotas.co\/index.php?rest_route=\/wp\/v2\/product"}],"about":[{"href":"https:\/\/www.todoparamascotas.co\/index.php?rest_route=\/wp\/v2\/types\/product"}],"replies":[{"embeddable":true,"href":"https:\/\/www.todoparamascotas.co\/index.php?rest_route=%2Fwp%2Fv2%2Fcomments&post=667"}],"wp:featuredmedia":[{"embeddable":true,"href":"https:\/\/www.todoparamascotas.co\/index.php?rest_route=\/wp\/v2\/media\/668"}],"wp:attachment":[{"href":"https:\/\/www.todoparamascotas.co\/index.php?rest_route=%2Fwp%2Fv2%2Fmedia&parent=667"}],"wp:term":[{"taxonomy":"product_brand","embeddable":true,"href":"https:\/\/www.todoparamascotas.co\/index.php?rest_route=%2Fwp%2Fv2%2Fproduct_brand&post=667"},{"taxonomy":"product_cat","embeddable":true,"href":"https:\/\/www.todoparamascotas.co\/index.php?rest_route=%2Fwp%2Fv2%2Fproduct_cat&post=667"},{"taxonomy":"product_tag","embeddable":true,"href":"https:\/\/www.todoparamascotas.co\/index.php?rest_route=%2Fwp%2Fv2%2Fproduct_tag&post=667"}],"curies":[{"name":"wp","href":"https:\/\/api.w.org\/{rel}","templated":true}]}}