{"id":754,"date":"2022-06-07T22:59:41","date_gmt":"2022-06-07T22:59:41","guid":{"rendered":"https:\/\/todoparamascotas.co\/?post_type=product&#038;p=754"},"modified":"2024-03-29T21:28:17","modified_gmt":"2024-03-29T21:28:17","slug":"vita-vet-c-suplemento-de-vitamina-c","status":"publish","type":"product","link":"https:\/\/www.todoparamascotas.co\/?product=vita-vet-c-suplemento-de-vitamina-c","title":{"rendered":"Vita Vet C Suplemento de Vitamina C"},"content":{"rendered":"<div class=\"wpb-content-wrapper\"><p>[vc_row][vc_column][vc_column_text]<\/p>\n<h3><span style=\"font-size: 16px;\">\u00bfQu\u00e9 es <strong>Vita Vet C<\/strong>?<\/span><\/h3>\n<p>Vita-Vet C es un suplemento de Vitamina C o \u00e1cido asc\u00f3rbico que desempe\u00f1a diversas funciones metab\u00f3licas, actuando como coenzima y cofactor en inn\u00fameras reacciones biol\u00f3gicas. Es un poderoso antioxidante, el cual se emplea para neutralizar radicales libres.<\/p>\n<h3><span style=\"font-size: 16px;\">\u00bfPara qu\u00e9 sirve <strong>Vita Vet C<\/strong>?<\/span><\/h3>\n<p>Est\u00e1 indicaco como suplemento de Vitamina C para perros, gatos, aves, must\u00e9lidos, roedores y r\u00e9ptiles.<\/p>\n<h3><span style=\"font-size: 16px;\">\u00bfC\u00f3mo suministrar <strong>Vita Vet C<\/strong>?<\/span><\/h3>\n<p>Para utilizarse por v\u00eda oral.<\/p>\n<p><strong>Perros<\/strong>: 0,4 a 2 mL, o 8 a 40 gotas, una a tres veces al d\u00eda.<\/p>\n<p><strong>Gatos<\/strong>: 0,4 mL, o 8 gotas, una a tres veces al d\u00eda.[\/vc_column_text][\/vc_column][\/vc_row]<\/p>\n<\/div>","protected":false},"excerpt":{"rendered":"<p>La Vitamina C o \u00e1cido asc\u00f3rbico es un nutriente y un poderoso antioxidante<\/p>\n","protected":false},"featured_media":755,"comment_status":"open","ping_status":"closed","template":"","meta":[],"product_brand":[],"product_cat":[85],"product_tag":[],"class_list":{"0":"post-754","1":"product","2":"type-product","3":"status-publish","4":"has-post-thumbnail","6":"product_cat-vitaminas","8":"first","9":"outofstock","10":"shipping-taxable","11":"purchasable","12":"product-type-simple"},"jetpack_sharing_enabled":true,"_links":{"self":[{"href":"https:\/\/www.todoparamascotas.co\/index.php?rest_route=\/wp\/v2\/product\/754","targetHints":{"allow":["GET"]}}],"collection":[{"href":"https:\/\/www.todoparamascotas.co\/index.php?rest_route=\/wp\/v2\/product"}],"about":[{"href":"https:\/\/www.todoparamascotas.co\/index.php?rest_route=\/wp\/v2\/types\/product"}],"replies":[{"embeddable":true,"href":"https:\/\/www.todoparamascotas.co\/index.php?rest_route=%2Fwp%2Fv2%2Fcomments&post=754"}],"wp:featuredmedia":[{"embeddable":true,"href":"https:\/\/www.todoparamascotas.co\/index.php?rest_route=\/wp\/v2\/media\/755"}],"wp:attachment":[{"href":"https:\/\/www.todoparamascotas.co\/index.php?rest_route=%2Fwp%2Fv2%2Fmedia&parent=754"}],"wp:term":[{"taxonomy":"product_brand","embeddable":true,"href":"https:\/\/www.todoparamascotas.co\/index.php?rest_route=%2Fwp%2Fv2%2Fproduct_brand&post=754"},{"taxonomy":"product_cat","embeddable":true,"href":"https:\/\/www.todoparamascotas.co\/index.php?rest_route=%2Fwp%2Fv2%2Fproduct_cat&post=754"},{"taxonomy":"product_tag","embeddable":true,"href":"https:\/\/www.todoparamascotas.co\/index.php?rest_route=%2Fwp%2Fv2%2Fproduct_tag&post=754"}],"curies":[{"name":"wp","href":"https:\/\/api.w.org\/{rel}","templated":true}]}}