{"id":836,"date":"2022-07-17T19:17:08","date_gmt":"2022-07-17T19:17:08","guid":{"rendered":"https:\/\/todoparamascotas.co\/?post_type=product&#038;p=836"},"modified":"2025-09-24T16:31:42","modified_gmt":"2025-09-24T16:31:42","slug":"antiparasitario-interno-rondel-5-ml-para-perros-y-gatos","status":"publish","type":"product","link":"https:\/\/www.todoparamascotas.co\/?product=antiparasitario-interno-rondel-5-ml-para-perros-y-gatos","title":{"rendered":"Antiparasitario Interno Rondel 5 ml para Perros y Gatos"},"content":{"rendered":"<div class=\"wpb-content-wrapper\"><p>[vc_row][vc_column][vc_column_text]<\/p>\n<h3><span style=\"font-size: 16px;\">\u00bfQu\u00e9 es <strong>Rondel<\/strong>?<\/span><\/h3>\n<p>Rondel es un antiparasitario para perros y gatos de acci\u00f3n contra Nem\u00e1todos gastrointestinales y c\u00e9stodos.<\/p>\n<h3><span style=\"font-size: 16px;\">\u00bfPara qu\u00e9 sirve <strong>Rondel<\/strong>?<\/span><\/h3>\n<p>Est\u00e1 indicado para perros y gatos de cualquier edad y estado fisiol\u00f3gico, que requieren un control adecuado de todo tipo de par\u00e1sitos tanto Nem\u00e1todos como C\u00e9stodos y control de par\u00e1sitos donde se dificulte el diagn\u00f3stico de los agentes causales.<\/p>\n<h3><span style=\"font-size: 16px;\">\u00bfC\u00f3mo suministrar <strong>Rondel<\/strong>?<\/span><\/h3>\n<p>V\u00eda oral. No requiere ayuno. 1 ml \/ 5 kg de peso vivo.<\/p>\n<p><strong>IMPORTANTE:<\/strong><\/p>\n<p>La informaci\u00f3n y los contenidos presentados tienen un car\u00e1cter meramente informativo y educativo, y no deben utilizarse como base para el uso de los productos. Los datos y recomendaciones provienen del fabricante o importador, y no nos hacemos responsables por errores u omisiones en el contenido ni por las decisiones tomadas por el usuario basadas en esta informaci\u00f3n.[\/vc_column_text][\/vc_column][\/vc_row]<\/p>\n<\/div>","protected":false},"excerpt":{"rendered":"<p>Antiparasitario interno de amplio espectro y efectiva combinaci\u00f3n antihelm\u00edtica, tenicida para perros y gatos<\/p>\n","protected":false},"featured_media":838,"comment_status":"open","ping_status":"closed","template":"","meta":[],"product_brand":[],"product_cat":[73],"product_tag":[],"class_list":{"0":"post-836","1":"product","2":"type-product","3":"status-publish","4":"has-post-thumbnail","6":"product_cat-antiparasitarios","8":"first","9":"instock","10":"shipping-taxable","11":"purchasable","12":"product-type-simple"},"jetpack_sharing_enabled":true,"_links":{"self":[{"href":"https:\/\/www.todoparamascotas.co\/index.php?rest_route=\/wp\/v2\/product\/836","targetHints":{"allow":["GET"]}}],"collection":[{"href":"https:\/\/www.todoparamascotas.co\/index.php?rest_route=\/wp\/v2\/product"}],"about":[{"href":"https:\/\/www.todoparamascotas.co\/index.php?rest_route=\/wp\/v2\/types\/product"}],"replies":[{"embeddable":true,"href":"https:\/\/www.todoparamascotas.co\/index.php?rest_route=%2Fwp%2Fv2%2Fcomments&post=836"}],"wp:featuredmedia":[{"embeddable":true,"href":"https:\/\/www.todoparamascotas.co\/index.php?rest_route=\/wp\/v2\/media\/838"}],"wp:attachment":[{"href":"https:\/\/www.todoparamascotas.co\/index.php?rest_route=%2Fwp%2Fv2%2Fmedia&parent=836"}],"wp:term":[{"taxonomy":"product_brand","embeddable":true,"href":"https:\/\/www.todoparamascotas.co\/index.php?rest_route=%2Fwp%2Fv2%2Fproduct_brand&post=836"},{"taxonomy":"product_cat","embeddable":true,"href":"https:\/\/www.todoparamascotas.co\/index.php?rest_route=%2Fwp%2Fv2%2Fproduct_cat&post=836"},{"taxonomy":"product_tag","embeddable":true,"href":"https:\/\/www.todoparamascotas.co\/index.php?rest_route=%2Fwp%2Fv2%2Fproduct_tag&post=836"}],"curies":[{"name":"wp","href":"https:\/\/api.w.org\/{rel}","templated":true}]}}