{"id":844,"date":"2022-07-17T20:17:17","date_gmt":"2022-07-17T20:17:17","guid":{"rendered":"https:\/\/todoparamascotas.co\/?post_type=product&#038;p=844"},"modified":"2025-02-07T19:18:11","modified_gmt":"2025-02-07T19:18:11","slug":"limpiador-de-manchas-lagrimales-sinspot-30-gr","status":"publish","type":"product","link":"https:\/\/www.todoparamascotas.co\/?product=limpiador-de-manchas-lagrimales-sinspot-30-gr","title":{"rendered":"Limpiador de Manchas Lagrimales Sinspot 30 gr"},"content":{"rendered":"<div class=\"wpb-content-wrapper\"><p>[vc_row][vc_column][vc_column_text]<\/p>\n<h3><span style=\"font-size: 16px;\">\u00bfQu\u00e9 es <strong>Sinspot<\/strong>?<\/span><\/h3>\n<p>Sinspot es una crema de uso externo desarrollada por Invet que est\u00e1 orientada a disminuir y\/o eliminar las manchas caf\u00e9, rojizas que se producen en el contorno de los ojos, producto del lagrimeo natural de los perros y gatos. \u00datil en animales de pelaje claro donde la aparici\u00f3n de manchas es m\u00e1s notor\u00eda.<\/p>\n<h3><span style=\"font-size: 16px;\">\u00bfPara qu\u00e9 sirve <strong>Sinspot<\/strong>?<\/span><\/h3>\n<p>Puede ser utilizado en todas las razas de perros y gatos para ayudar a remover y eliminar las manchas producidas por la oxidaci\u00f3n de las l\u00e1grimas, donde la aparici\u00f3n de manchas es m\u00e1s notor\u00eda.<\/p>\n<h3><span style=\"font-size: 16px;\">\u00bfC\u00f3mo se usa <strong>Sinspot<\/strong>?<\/span><\/h3>\n<p>Aplicar en la zona afectada 2 &#8211; 3 veces al d\u00eda, distribuir uniformemente hasta que se seque el sitio de aplicaci\u00f3n. Se puede usar durante toda la vida de la mascota.<\/p>\n<p><strong>IMPORTANTE:<\/strong><\/p>\n<p>La informaci\u00f3n y los contenidos presentados tienen un car\u00e1cter meramente informativo y educativo, y no deben utilizarse como base para el uso de los productos. Los datos y recomendaciones provienen del fabricante o importador, y no nos hacemos responsables por errores u omisiones en el contenido ni por las decisiones tomadas por el usuario basadas en esta informaci\u00f3n.[\/vc_column_text][\/vc_column][\/vc_row]<\/p>\n<\/div>","protected":false},"excerpt":{"rendered":"<p>Crema indicada para desmanchar el contorno de los ojos en animales de pelaje claro<\/p>\n","protected":false},"featured_media":845,"comment_status":"open","ping_status":"closed","template":"","meta":[],"product_brand":[],"product_cat":[82],"product_tag":[],"class_list":{"0":"post-844","1":"product","2":"type-product","3":"status-publish","4":"has-post-thumbnail","6":"product_cat-medicamentos","8":"first","9":"instock","10":"shipping-taxable","11":"purchasable","12":"product-type-simple"},"jetpack_sharing_enabled":true,"_links":{"self":[{"href":"https:\/\/www.todoparamascotas.co\/index.php?rest_route=\/wp\/v2\/product\/844","targetHints":{"allow":["GET"]}}],"collection":[{"href":"https:\/\/www.todoparamascotas.co\/index.php?rest_route=\/wp\/v2\/product"}],"about":[{"href":"https:\/\/www.todoparamascotas.co\/index.php?rest_route=\/wp\/v2\/types\/product"}],"replies":[{"embeddable":true,"href":"https:\/\/www.todoparamascotas.co\/index.php?rest_route=%2Fwp%2Fv2%2Fcomments&post=844"}],"wp:featuredmedia":[{"embeddable":true,"href":"https:\/\/www.todoparamascotas.co\/index.php?rest_route=\/wp\/v2\/media\/845"}],"wp:attachment":[{"href":"https:\/\/www.todoparamascotas.co\/index.php?rest_route=%2Fwp%2Fv2%2Fmedia&parent=844"}],"wp:term":[{"taxonomy":"product_brand","embeddable":true,"href":"https:\/\/www.todoparamascotas.co\/index.php?rest_route=%2Fwp%2Fv2%2Fproduct_brand&post=844"},{"taxonomy":"product_cat","embeddable":true,"href":"https:\/\/www.todoparamascotas.co\/index.php?rest_route=%2Fwp%2Fv2%2Fproduct_cat&post=844"},{"taxonomy":"product_tag","embeddable":true,"href":"https:\/\/www.todoparamascotas.co\/index.php?rest_route=%2Fwp%2Fv2%2Fproduct_tag&post=844"}],"curies":[{"name":"wp","href":"https:\/\/api.w.org\/{rel}","templated":true}]}}