{"id":846,"date":"2022-07-19T21:22:55","date_gmt":"2022-07-19T21:22:55","guid":{"rendered":"https:\/\/todoparamascotas.co\/?post_type=product&#038;p=846"},"modified":"2025-10-14T15:59:04","modified_gmt":"2025-10-14T15:59:04","slug":"asarnyl-vet-crema-antisarna","status":"publish","type":"product","link":"https:\/\/www.todoparamascotas.co\/?product=asarnyl-vet-crema-antisarna","title":{"rendered":"Asarnyl Vet Crema Antisarna"},"content":{"rendered":"<div class=\"wpb-content-wrapper\"><p>[vc_row][vc_column][vc_column_text]<\/p>\n<h3><span style=\"font-size: 16px;\">\u00bfQu\u00e9 es <strong>Asarnyl Vet<\/strong>?<\/span><\/h3>\n<p>Asarnyl Vet es un ung\u00fcento dise\u00f1ado para tratar casos de sarna sarc\u00f3ptica y demod\u00e9cica, dermatitis seborreica y escamosa, h\u00edper queratosis y dermatomicosis en perros y gatos.<\/p>\n<h3><span style=\"font-size: 16px;\">\u00bfPara qu\u00e9 sirve <strong>Asarnyl Vet<\/strong>?<\/span><\/h3>\n<p>Combinado con \u00e1cido salic\u00edlico y azufre, provoca una disminuci\u00f3n gradual de la capa c\u00f3rnea de la piel, acci\u00f3n deseada (Queratol\u00edtica) en el tratamiento de ciertas afecciones de la piel como la sarna y los hongos.<\/p>\n<h3><span style=\"font-size: 16px;\">\u00bfC\u00f3mo usar <strong>Asarnyl Vet<\/strong>?<\/span><\/h3>\n<p>Aplicar una delgada capa del producto sobre la regi\u00f3n afectada dos veces al d\u00eda.<\/p>\n<h3><span style=\"font-size: 16px;\">\u00bfCon qu\u00e9 frecuencia y durante cu\u00e1nto tiempo debo aplicar <strong>Asarnyl Vet<\/strong>?<\/span><\/h3>\n<p>Asarnyl Vet debe utilizarse de acuerdo a las instrucciones recibidas por su m\u00e9dico veterinario de confianza. En general se aplica dos veces al d\u00eda sobre la regi\u00f3n afectada.<\/p>\n<p><strong>IMPORTANTE:<\/strong><\/p>\n<p>La informaci\u00f3n y los contenidos presentados tienen un car\u00e1cter meramente informativo y educativo, y no deben utilizarse como base para el uso de los productos. Los datos y recomendaciones provienen del fabricante o importador, y no nos hacemos responsables por errores u omisiones en el contenido ni por las decisiones tomadas por el usuario basadas en esta informaci\u00f3n.[\/vc_column_text][\/vc_column][\/vc_row]<\/p>\n<\/div>","protected":false},"excerpt":{"rendered":"<p>Ung\u00fcento anti-sarna sarc\u00f3ptica y demod\u00e9cica en perros y gatos<\/p>\n","protected":false},"featured_media":849,"comment_status":"open","ping_status":"closed","template":"","meta":[],"product_brand":[],"product_cat":[81],"product_tag":[],"class_list":{"0":"post-846","1":"product","2":"type-product","3":"status-publish","4":"has-post-thumbnail","6":"product_cat-antisarna","8":"first","9":"outofstock","10":"featured","11":"shipping-taxable","12":"purchasable","13":"product-type-variable"},"jetpack_sharing_enabled":true,"_links":{"self":[{"href":"https:\/\/www.todoparamascotas.co\/index.php?rest_route=\/wp\/v2\/product\/846","targetHints":{"allow":["GET"]}}],"collection":[{"href":"https:\/\/www.todoparamascotas.co\/index.php?rest_route=\/wp\/v2\/product"}],"about":[{"href":"https:\/\/www.todoparamascotas.co\/index.php?rest_route=\/wp\/v2\/types\/product"}],"replies":[{"embeddable":true,"href":"https:\/\/www.todoparamascotas.co\/index.php?rest_route=%2Fwp%2Fv2%2Fcomments&post=846"}],"wp:featuredmedia":[{"embeddable":true,"href":"https:\/\/www.todoparamascotas.co\/index.php?rest_route=\/wp\/v2\/media\/849"}],"wp:attachment":[{"href":"https:\/\/www.todoparamascotas.co\/index.php?rest_route=%2Fwp%2Fv2%2Fmedia&parent=846"}],"wp:term":[{"taxonomy":"product_brand","embeddable":true,"href":"https:\/\/www.todoparamascotas.co\/index.php?rest_route=%2Fwp%2Fv2%2Fproduct_brand&post=846"},{"taxonomy":"product_cat","embeddable":true,"href":"https:\/\/www.todoparamascotas.co\/index.php?rest_route=%2Fwp%2Fv2%2Fproduct_cat&post=846"},{"taxonomy":"product_tag","embeddable":true,"href":"https:\/\/www.todoparamascotas.co\/index.php?rest_route=%2Fwp%2Fv2%2Fproduct_tag&post=846"}],"curies":[{"name":"wp","href":"https:\/\/api.w.org\/{rel}","templated":true}]}}