{"id":855,"date":"2022-07-22T21:53:37","date_gmt":"2022-07-22T21:53:37","guid":{"rendered":"https:\/\/todoparamascotas.co\/?post_type=product&#038;p=855"},"modified":"2026-02-24T16:26:37","modified_gmt":"2026-02-24T16:26:37","slug":"verdemint-crema-antiseptica-cicatrizante-dermatologico","status":"publish","type":"product","link":"https:\/\/www.todoparamascotas.co\/?product=verdemint-crema-antiseptica-cicatrizante-dermatologico","title":{"rendered":"Verdemint Crema Antis\u00e9ptica Cicatrizante Dermatol\u00f3gico"},"content":{"rendered":"<div class=\"wpb-content-wrapper\"><p>[vc_row][vc_column][vc_column_text]<\/p>\n<h3><span style=\"font-size: 16px;\">\u00bfQu\u00e9 es <strong>Verdemint Crema<\/strong>?<\/span><\/h3>\n<p>Verdemint es un ung\u00fcento para el tratamiento de infecciones externas post- traumatismos o post-operatorios; eczemas y piodermas producidos por Staphylococcus sp., Streptococcus sp., Corynebacterium sp. y Proteus sp.<\/p>\n<h3><span style=\"font-size: 16px;\">\u00bfPara qu\u00e9 sirve <strong>Verdemint Ung\u00fcento<\/strong>?<\/span><\/h3>\n<p>Como tratamiento de todo tipo de heridas (por trauma, infecci\u00f3n o cirug\u00eda), quemaduras, escoriaciones, eczema y piodermas (dermatitis con pus).<\/p>\n<p>Asimismo se utiliza diariamente para desinfecci\u00f3n de ombligos en reci\u00e9n nacidos, en heridas de ubre y grietas en pezones, heridas de dif\u00edcil cicatrizaci\u00f3n (\u00falceras) y laceraciones causadas por sillas y arneses en equinos.<\/p>\n<p>Verdemint se puede usar para el control de miasis o gusaneras mezclado con productos insecticidas de uso t\u00f3pico que contengan coumaphos, metrifonato o diclorv\u00f3s.<\/p>\n<h3><span style=\"font-size: 16px;\">\u00bfC\u00f3mo usar <strong>Verdemint Crema<\/strong>?<\/span><\/h3>\n<p>Aplicar de 2 a 5 veces al d\u00eda en cantidad suficiente para cubrir la herida, hasta el cierre y la completa cicatrizaci\u00f3n. La frecuencia y duraci\u00f3n del tratamiento quedan a criterio del M\u00e9dico Veterinario.<\/p>\n<p>En caso de heridas sucias o contaminadas, antes de la primera aplicaci\u00f3n, lavar con jab\u00f3n o soluciones antis\u00e9pticas, secar y aplicar uniformemente durante el tiempo que sea necesario hasta la recuperaci\u00f3n total del tejido.<\/p>\n<p><strong>IMPORTANTE:<\/strong><\/p>\n<p>La informaci\u00f3n y los contenidos presentados tienen un car\u00e1cter meramente informativo y educativo, y no deben utilizarse como base para el uso de los productos. Los datos y recomendaciones provienen del fabricante o importador, y no nos hacemos responsables por errores u omisiones en el contenido ni por las decisiones tomadas por el usuario basadas en esta informaci\u00f3n.[\/vc_column_text][\/vc_column][\/vc_row]<\/p>\n<\/div>","protected":false},"excerpt":{"rendered":"<p>Crema de uso veterinario para cicatrizaci\u00f3n r\u00e1pida sin infecci\u00f3n. Crema secante y desinfectante<\/p>\n","protected":false},"featured_media":859,"comment_status":"open","ping_status":"closed","template":"","meta":[],"product_brand":[],"product_cat":[96],"product_tag":[],"class_list":{"0":"post-855","1":"product","2":"type-product","3":"status-publish","4":"has-post-thumbnail","6":"product_cat-dermatologicos","8":"first","9":"outofstock","10":"shipping-taxable","11":"purchasable","12":"product-type-variable","13":"has-default-attributes"},"jetpack_sharing_enabled":true,"_links":{"self":[{"href":"https:\/\/www.todoparamascotas.co\/index.php?rest_route=\/wp\/v2\/product\/855","targetHints":{"allow":["GET"]}}],"collection":[{"href":"https:\/\/www.todoparamascotas.co\/index.php?rest_route=\/wp\/v2\/product"}],"about":[{"href":"https:\/\/www.todoparamascotas.co\/index.php?rest_route=\/wp\/v2\/types\/product"}],"replies":[{"embeddable":true,"href":"https:\/\/www.todoparamascotas.co\/index.php?rest_route=%2Fwp%2Fv2%2Fcomments&post=855"}],"wp:featuredmedia":[{"embeddable":true,"href":"https:\/\/www.todoparamascotas.co\/index.php?rest_route=\/wp\/v2\/media\/859"}],"wp:attachment":[{"href":"https:\/\/www.todoparamascotas.co\/index.php?rest_route=%2Fwp%2Fv2%2Fmedia&parent=855"}],"wp:term":[{"taxonomy":"product_brand","embeddable":true,"href":"https:\/\/www.todoparamascotas.co\/index.php?rest_route=%2Fwp%2Fv2%2Fproduct_brand&post=855"},{"taxonomy":"product_cat","embeddable":true,"href":"https:\/\/www.todoparamascotas.co\/index.php?rest_route=%2Fwp%2Fv2%2Fproduct_cat&post=855"},{"taxonomy":"product_tag","embeddable":true,"href":"https:\/\/www.todoparamascotas.co\/index.php?rest_route=%2Fwp%2Fv2%2Fproduct_tag&post=855"}],"curies":[{"name":"wp","href":"https:\/\/api.w.org\/{rel}","templated":true}]}}