{"id":899,"date":"2022-09-01T21:33:46","date_gmt":"2022-09-01T21:33:46","guid":{"rendered":"https:\/\/todoparamascotas.co\/?post_type=product&#038;p=899"},"modified":"2024-10-16T16:01:56","modified_gmt":"2024-10-16T16:01:56","slug":"talco-hidroabsorbente-de-desechos-organicos","status":"publish","type":"product","link":"https:\/\/www.todoparamascotas.co\/?product=talco-hidroabsorbente-de-desechos-organicos","title":{"rendered":"Talco Hidroabsorbente de Desechos Org\u00e1nicos"},"content":{"rendered":"<div class=\"wpb-content-wrapper\"><p>[vc_row][vc_column][vc_column_text]<\/p>\n<h3><span style=\"font-size: 16px;\">\u00bfQu\u00e9 es <strong>Talco Hidroabsorbente<\/strong> de <strong>Beauty Pets<\/strong>?<\/span><\/h3>\n<p>Talco hidroabsorbente es un granulado que permite encapsular, solidificar y retener los derrames l\u00edquidos, prinicipalmente la orina de su mascota. Desinfecta y elimina la generaci\u00f3n de olores, ideal para usar en los areneros de los gatos, evitando que la arena se deteriore m\u00e1s r\u00e1pido.<\/p>\n<h3><span style=\"font-size: 16px;\">\u00bfPara qu\u00e9 sirve <strong>Talco Hidroabsorbente Beauty Pets<\/strong>?<\/span><\/h3>\n<p>En combinaci\u00f3n con el agua el talco hidroabsorbente absorbe r\u00e1pidamente y retiene el l\u00edquido proporcionando una estructura tipo gel.<\/p>\n<p>Encapsula y solidifica desechos org\u00e1nicos de perros y gatos.<\/p>\n<h3><span style=\"font-size: 16px;\">\u00bfC\u00f3mo usar el <strong>Talco Hidroabsorbente Beauty Pets<\/strong>?<\/span><\/h3>\n<p>Agregar el producto sobre el \u00e1rea mojada (orina mascotas y\/o derrame de l\u00edquidos), deja actuar por 90 segundos, hasta que el l\u00edquido se solidifique, recoger con escoba o aspiradora y depositarlo en la basura, en el arenero poner una capa delgada de producto antes de verter la arena.<\/p>\n<p><strong>IMPORTANTE:<\/strong><\/p>\n<p>La informaci\u00f3n y los contenidos presentados tienen un car\u00e1cter meramente informativo y educativo, y no deben utilizarse como base para el uso de los productos. Los datos y recomendaciones provienen del fabricante o importador, y no nos hacemos responsables por errores u omisiones en el contenido ni por las decisiones tomadas por el usuario basadas en esta informaci\u00f3n.[\/vc_column_text][\/vc_column][\/vc_row]<\/p>\n<\/div>","protected":false},"excerpt":{"rendered":"<p>Talco hidroabsorbente Beauty Pets encapsula y solidifica desechos org\u00e1nicos de perros y gatos<\/p>\n","protected":false},"featured_media":900,"comment_status":"open","ping_status":"closed","template":"","meta":[],"product_brand":[],"product_cat":[15],"product_tag":[],"class_list":{"0":"post-899","1":"product","2":"type-product","3":"status-publish","4":"has-post-thumbnail","6":"product_cat-uncategorized","8":"first","9":"outofstock","10":"shipping-taxable","11":"purchasable","12":"product-type-simple"},"jetpack_sharing_enabled":true,"_links":{"self":[{"href":"https:\/\/www.todoparamascotas.co\/index.php?rest_route=\/wp\/v2\/product\/899","targetHints":{"allow":["GET"]}}],"collection":[{"href":"https:\/\/www.todoparamascotas.co\/index.php?rest_route=\/wp\/v2\/product"}],"about":[{"href":"https:\/\/www.todoparamascotas.co\/index.php?rest_route=\/wp\/v2\/types\/product"}],"replies":[{"embeddable":true,"href":"https:\/\/www.todoparamascotas.co\/index.php?rest_route=%2Fwp%2Fv2%2Fcomments&post=899"}],"wp:featuredmedia":[{"embeddable":true,"href":"https:\/\/www.todoparamascotas.co\/index.php?rest_route=\/wp\/v2\/media\/900"}],"wp:attachment":[{"href":"https:\/\/www.todoparamascotas.co\/index.php?rest_route=%2Fwp%2Fv2%2Fmedia&parent=899"}],"wp:term":[{"taxonomy":"product_brand","embeddable":true,"href":"https:\/\/www.todoparamascotas.co\/index.php?rest_route=%2Fwp%2Fv2%2Fproduct_brand&post=899"},{"taxonomy":"product_cat","embeddable":true,"href":"https:\/\/www.todoparamascotas.co\/index.php?rest_route=%2Fwp%2Fv2%2Fproduct_cat&post=899"},{"taxonomy":"product_tag","embeddable":true,"href":"https:\/\/www.todoparamascotas.co\/index.php?rest_route=%2Fwp%2Fv2%2Fproduct_tag&post=899"}],"curies":[{"name":"wp","href":"https:\/\/api.w.org\/{rel}","templated":true}]}}