{"id":903,"date":"2022-09-01T23:53:57","date_gmt":"2022-09-01T23:53:57","guid":{"rendered":"https:\/\/todoparamascotas.co\/?post_type=product&#038;p=903"},"modified":"2025-09-24T16:29:24","modified_gmt":"2025-09-24T16:29:24","slug":"suplemento-alimenticio-conabsorb-oral-120-ml","status":"publish","type":"product","link":"https:\/\/www.todoparamascotas.co\/?product=suplemento-alimenticio-conabsorb-oral-120-ml","title":{"rendered":"Suplemento Alimenticio Conabsorb Oral 120 ml"},"content":{"rendered":"<div class=\"wpb-content-wrapper\"><p>[vc_row][vc_column][vc_column_text]Por favor lea esta informaci\u00f3n con atenci\u00f3n. Le ser\u00e1 \u00fatil para el correcto uso de CONABSORB ORAL.<\/p>\n<h3><span style=\"font-size: 16px;\">\u00bfQu\u00e9 es <strong>Conabsorb<\/strong>?<\/span><\/h3>\n<p>Conabsorb es un suplemento alimenticio de origen natural a base de polifenoles para suministrar a perros, gatos y mini cerdos de todas las razas y edades, formulado para favorecer la integridad y funci\u00f3n digestiva de los animales.<\/p>\n<h3><span style=\"font-size: 16px;\">\u00bfPara qu\u00e9 sirve <strong>Conabsorb<\/strong>?<\/span><\/h3>\n<p>Como suplemento alimenticio a base de polifenoles.<\/p>\n<h3><span style=\"font-size: 16px;\">\u00bfC\u00f3mo se usa <strong>Conabsorb<\/strong>?<\/span><\/h3>\n<p>Suminstrar v\u00eda oral 1 mL de la suspensi\u00f3n de Conabsorb por v\u00eda oral por cada 5 a 10 kg de peso vivo.<\/p>\n<h3><span style=\"font-size: 16px;\">\u00bfCon qu\u00e9 frecuencia y durante cu\u00e1nto tiempo debo usar <strong>Conabsorb<\/strong>?<\/span><\/h3>\n<p>Una vez al d\u00eda durante un m\u00ednimo de tres semanas.<\/p>\n<p><strong>IMPORTANTE:<\/strong><\/p>\n<p>La informaci\u00f3n y los contenidos presentados tienen un car\u00e1cter meramente informativo y educativo, y no deben utilizarse como base para el uso de los productos. Los datos y recomendaciones provienen del fabricante o importador, y no nos hacemos responsables por errores u omisiones en el contenido ni por las decisiones tomadas por el usuario basadas en esta informaci\u00f3n.[\/vc_column_text][\/vc_column][\/vc_row]<\/p>\n<\/div>","protected":false},"excerpt":{"rendered":"<p>Suplemento alimenticio a base de polifenoles para suministrar a perros, gatos y mini cerdos de todas las razas y edades<\/p>\n","protected":false},"featured_media":904,"comment_status":"open","ping_status":"closed","template":"","meta":[],"product_brand":[],"product_cat":[72],"product_tag":[],"class_list":{"0":"post-903","1":"product","2":"type-product","3":"status-publish","4":"has-post-thumbnail","6":"product_cat-suplementos","8":"first","9":"outofstock","10":"shipping-taxable","11":"purchasable","12":"product-type-simple"},"jetpack_sharing_enabled":true,"_links":{"self":[{"href":"https:\/\/www.todoparamascotas.co\/index.php?rest_route=\/wp\/v2\/product\/903","targetHints":{"allow":["GET"]}}],"collection":[{"href":"https:\/\/www.todoparamascotas.co\/index.php?rest_route=\/wp\/v2\/product"}],"about":[{"href":"https:\/\/www.todoparamascotas.co\/index.php?rest_route=\/wp\/v2\/types\/product"}],"replies":[{"embeddable":true,"href":"https:\/\/www.todoparamascotas.co\/index.php?rest_route=%2Fwp%2Fv2%2Fcomments&post=903"}],"wp:featuredmedia":[{"embeddable":true,"href":"https:\/\/www.todoparamascotas.co\/index.php?rest_route=\/wp\/v2\/media\/904"}],"wp:attachment":[{"href":"https:\/\/www.todoparamascotas.co\/index.php?rest_route=%2Fwp%2Fv2%2Fmedia&parent=903"}],"wp:term":[{"taxonomy":"product_brand","embeddable":true,"href":"https:\/\/www.todoparamascotas.co\/index.php?rest_route=%2Fwp%2Fv2%2Fproduct_brand&post=903"},{"taxonomy":"product_cat","embeddable":true,"href":"https:\/\/www.todoparamascotas.co\/index.php?rest_route=%2Fwp%2Fv2%2Fproduct_cat&post=903"},{"taxonomy":"product_tag","embeddable":true,"href":"https:\/\/www.todoparamascotas.co\/index.php?rest_route=%2Fwp%2Fv2%2Fproduct_tag&post=903"}],"curies":[{"name":"wp","href":"https:\/\/api.w.org\/{rel}","templated":true}]}}