{"id":926,"date":"2022-09-20T23:44:40","date_gmt":"2022-09-20T23:44:40","guid":{"rendered":"https:\/\/todoparamascotas.co\/?post_type=product&#038;p=926"},"modified":"2025-08-20T17:51:34","modified_gmt":"2025-08-20T17:51:34","slug":"furminator-shampoo-bano-seco-para-gato-251-ml","status":"publish","type":"product","link":"https:\/\/www.todoparamascotas.co\/?product=furminator-shampoo-bano-seco-para-gato-251-ml","title":{"rendered":"Furminator Shampoo Ba\u00f1o Seco para Gato 251 ml"},"content":{"rendered":"<div class=\"wpb-content-wrapper\"><p>[vc_row][vc_column][vc_column_text]<\/p>\n<h3><span style=\"font-size: 16px;\">\u00bfQu\u00e9 es <strong>deSHEDDING Shampoo<\/strong>?<\/span><\/h3>\n<p>Es una f\u00f3rmula creada para reducir la ca\u00edda del pelo promoviendo una piel y pelaje saludables. Enriquecido con \u00e1cidos grasos Omega 3 y 6 aportados por aceite ar\u00e1ndano rojo y semilla de girasol, extracto de cal\u00e9ndula y extracto de hoja de papaya. No contiene parabenos, colores artificiales ni tintes qu\u00edmicos.<\/p>\n<h3><span style=\"font-size: 16px;\">\u00bfPara qu\u00e9 sirve <strong>deSHEDDING Shampoo<\/strong>?<\/span><\/h3>\n<p>Para la limpieza t\u00f3pica de gatos mayores a 6 semanas, usar solo una vez al mes.<\/p>\n<h3><span style=\"font-size: 16px;\">\u00bfC\u00f3mo usar <strong>deSHEDDING Shampoo<\/strong>?<\/span><\/h3>\n<p>Agitar bien antes de usar. Humedezca el pelo de la mascota, aplique el rinse y de un ligero masaje sobre todo el cuerpo. Dejarlo actuar de 5 a 10 minutos. Cepille y seque con una toalla. No requiere enjuague. Repita el proceso seg\u00fan sea necesario.<\/p>\n<p><strong>IMPORTANTE:<\/strong><\/p>\n<p>La informaci\u00f3n y los contenidos presentados tienen un car\u00e1cter meramente informativo y educativo, y no deben utilizarse como base para el uso de los productos. Los datos y recomendaciones provienen del fabricante o importador, y no nos hacemos responsables por errores u omisiones en el contenido ni por las decisiones tomadas por el usuario basadas en esta informaci\u00f3n.[\/vc_column_text][\/vc_column][\/vc_row]<\/p>\n<\/div>","protected":false},"excerpt":{"rendered":"<p>Shampoo espumoso deSHEDDING ayuda a reducir el exceso de desprendimiento y ayuda a prevenir las bolas de pelo sin ba\u00f1arse<\/p>\n","protected":false},"featured_media":927,"comment_status":"open","ping_status":"closed","template":"","meta":[],"product_brand":[],"product_cat":[78],"product_tag":[],"class_list":{"0":"post-926","1":"product","2":"type-product","3":"status-publish","4":"has-post-thumbnail","6":"product_cat-shampoo","8":"first","9":"outofstock","10":"shipping-taxable","11":"purchasable","12":"product-type-simple"},"jetpack_sharing_enabled":true,"_links":{"self":[{"href":"https:\/\/www.todoparamascotas.co\/index.php?rest_route=\/wp\/v2\/product\/926","targetHints":{"allow":["GET"]}}],"collection":[{"href":"https:\/\/www.todoparamascotas.co\/index.php?rest_route=\/wp\/v2\/product"}],"about":[{"href":"https:\/\/www.todoparamascotas.co\/index.php?rest_route=\/wp\/v2\/types\/product"}],"replies":[{"embeddable":true,"href":"https:\/\/www.todoparamascotas.co\/index.php?rest_route=%2Fwp%2Fv2%2Fcomments&post=926"}],"wp:featuredmedia":[{"embeddable":true,"href":"https:\/\/www.todoparamascotas.co\/index.php?rest_route=\/wp\/v2\/media\/927"}],"wp:attachment":[{"href":"https:\/\/www.todoparamascotas.co\/index.php?rest_route=%2Fwp%2Fv2%2Fmedia&parent=926"}],"wp:term":[{"taxonomy":"product_brand","embeddable":true,"href":"https:\/\/www.todoparamascotas.co\/index.php?rest_route=%2Fwp%2Fv2%2Fproduct_brand&post=926"},{"taxonomy":"product_cat","embeddable":true,"href":"https:\/\/www.todoparamascotas.co\/index.php?rest_route=%2Fwp%2Fv2%2Fproduct_cat&post=926"},{"taxonomy":"product_tag","embeddable":true,"href":"https:\/\/www.todoparamascotas.co\/index.php?rest_route=%2Fwp%2Fv2%2Fproduct_tag&post=926"}],"curies":[{"name":"wp","href":"https:\/\/api.w.org\/{rel}","templated":true}]}}