{"id":952,"date":"2022-10-08T19:17:48","date_gmt":"2022-10-08T19:17:48","guid":{"rendered":"https:\/\/todoparamascotas.co\/?post_type=product&#038;p=952"},"modified":"2025-08-20T17:49:06","modified_gmt":"2025-08-20T17:49:06","slug":"antiseptico-antimicotico-y-fungicida-edo-5","status":"publish","type":"product","link":"https:\/\/www.todoparamascotas.co\/?product=antiseptico-antimicotico-y-fungicida-edo-5","title":{"rendered":"Antis\u00e9ptico Antimic\u00f3tico y Fungicida Edo 5"},"content":{"rendered":"<div class=\"wpb-content-wrapper\"><p>[vc_row][vc_column][vc_column_text]<\/p>\n<h3><span style=\"font-size: 16px;\">\u00bfQu\u00e9 es <strong>Edo 5<\/strong>?<\/span><\/h3>\n<p>Edo 5 es un antis\u00e9ptico, antimic\u00f3tico y fungicida en spray de uso externo con aceite de pino de acci\u00f3n repelente.<\/p>\n<h3><span style=\"font-size: 16px;\">\u00bfPara qu\u00e9 sirve <strong>Edo 5<\/strong>?<\/span><\/h3>\n<p>Recomendado para heridas, castraciones, descornes, cirug\u00edas, quemaduras, lesiones por hongos y afecciones en la piel indeterminadas.<\/p>\n<p>Curaci\u00f3n limpia, con crecimiento de pelo. Humectando y suavizando los tejidos, minimizando las costras.<\/p>\n<h3><span style=\"font-size: 16px;\">\u00bfC\u00f3mo se usa <strong>Edo 5<\/strong>?<\/span><\/h3>\n<p>Aplicar en aspersi\u00f3n sobre la parte afectada dos veces al d\u00eda o seg\u00fan indique el m\u00e9dico veterinario.<\/p>\n<p><strong>IMPORTANTE:<\/strong><\/p>\n<p>La informaci\u00f3n y los contenidos presentados tienen un car\u00e1cter meramente informativo y educativo, y no deben utilizarse como base para el uso de los productos. Los datos y recomendaciones provienen del fabricante o importador, y no nos hacemos responsables por errores u omisiones en el contenido ni por las decisiones tomadas por el usuario basadas en esta informaci\u00f3n.[\/vc_column_text][\/vc_column][\/vc_row]<\/p>\n<\/div>","protected":false},"excerpt":{"rendered":"<p>Edo 5 antis\u00e9ptico, antimic\u00f3tico, fungicida en emulsi\u00f3n de uso veterinario<\/p>\n","protected":false},"featured_media":953,"comment_status":"open","ping_status":"closed","template":"","meta":[],"product_brand":[],"product_cat":[82],"product_tag":[],"class_list":{"0":"post-952","1":"product","2":"type-product","3":"status-publish","4":"has-post-thumbnail","6":"product_cat-medicamentos","8":"first","9":"outofstock","10":"shipping-taxable","11":"purchasable","12":"product-type-simple"},"jetpack_sharing_enabled":true,"_links":{"self":[{"href":"https:\/\/www.todoparamascotas.co\/index.php?rest_route=\/wp\/v2\/product\/952","targetHints":{"allow":["GET"]}}],"collection":[{"href":"https:\/\/www.todoparamascotas.co\/index.php?rest_route=\/wp\/v2\/product"}],"about":[{"href":"https:\/\/www.todoparamascotas.co\/index.php?rest_route=\/wp\/v2\/types\/product"}],"replies":[{"embeddable":true,"href":"https:\/\/www.todoparamascotas.co\/index.php?rest_route=%2Fwp%2Fv2%2Fcomments&post=952"}],"wp:featuredmedia":[{"embeddable":true,"href":"https:\/\/www.todoparamascotas.co\/index.php?rest_route=\/wp\/v2\/media\/953"}],"wp:attachment":[{"href":"https:\/\/www.todoparamascotas.co\/index.php?rest_route=%2Fwp%2Fv2%2Fmedia&parent=952"}],"wp:term":[{"taxonomy":"product_brand","embeddable":true,"href":"https:\/\/www.todoparamascotas.co\/index.php?rest_route=%2Fwp%2Fv2%2Fproduct_brand&post=952"},{"taxonomy":"product_cat","embeddable":true,"href":"https:\/\/www.todoparamascotas.co\/index.php?rest_route=%2Fwp%2Fv2%2Fproduct_cat&post=952"},{"taxonomy":"product_tag","embeddable":true,"href":"https:\/\/www.todoparamascotas.co\/index.php?rest_route=%2Fwp%2Fv2%2Fproduct_tag&post=952"}],"curies":[{"name":"wp","href":"https:\/\/api.w.org\/{rel}","templated":true}]}}